CRAN Package Check Results for Package prcr

Last updated on 2021-07-29 09:53:36 CEST.

Flavor Version Tinstall Tcheck Ttotal Status Flags
r-devel-linux-x86_64-debian-clang 0.2.1 OK
r-devel-linux-x86_64-debian-gcc 0.2.1 3.43 44.14 47.57 OK
r-devel-linux-x86_64-fedora-clang 0.2.1 83.77 NOTE
r-devel-linux-x86_64-fedora-gcc 0.2.1 72.51 NOTE
r-devel-windows-x86_64 0.2.1 10.00 77.00 87.00 OK
r-devel-windows-x86_64-gcc10-UCRT 0.2.1 NOTE
r-patched-linux-x86_64 0.2.1 4.99 54.02 59.01 OK
r-patched-solaris-x86 0.2.1 116.80 NOTE
r-release-linux-x86_64 0.2.1 4.09 54.32 58.41 OK
r-release-macos-arm64 0.2.1 WARN
r-release-macos-x86_64 0.2.1 NOTE
r-release-windows-ix86+x86_64 0.2.1 13.00 76.00 89.00 OK
r-oldrel-macos-x86_64 0.2.1 NOTE
r-oldrel-windows-ix86+x86_64 0.2.1 10.00 76.00 86.00 OK

Check Details

Version: 0.2.1
Check: dependencies in R code
Result: NOTE
    Namespaces in Imports field not imported from:
     ‘class’ ‘forcats’ ‘irr’ ‘lpSolve’ ‘purrr’
     All declared Imports should be used.
Flavors: r-devel-linux-x86_64-fedora-clang, r-devel-linux-x86_64-fedora-gcc, r-devel-windows-x86_64-gcc10-UCRT, r-patched-solaris-x86, r-release-macos-arm64, r-release-macos-x86_64, r-oldrel-macos-x86_64

Version: 0.2.1
Check: re-building of vignette outputs
Result: WARN
    Error(s) in re-building vignettes:
     ...
    --- re-building ‘introduction_to_prcr.Rmd’ using rmarkdown
    Warning in engine$weave(file, quiet = quiet, encoding = enc) :
     Pandoc (>= 1.12.3) not available. Falling back to R Markdown v1.
    Quitting from lines 27-30 (introduction_to_prcr.Rmd)
    Error: processing vignette 'introduction_to_prcr.Rmd' failed with diagnostics:
    polygon edge not found
    --- failed re-building ‘introduction_to_prcr.Rmd’
    
    SUMMARY: processing the following file failed:
     ‘introduction_to_prcr.Rmd’
    
    Error: Vignette re-building failed.
    Execution halted
Flavor: r-release-macos-arm64