CRAN Package Check Results for Package pre

Last updated on 2021-05-11 08:48:23 CEST.

Flavor Version Tinstall Tcheck Ttotal Status Flags
r-devel-linux-x86_64-debian-clang 1.0.0 12.85 130.50 143.35 OK
r-devel-linux-x86_64-debian-gcc 1.0.0 9.87 99.16 109.03 OK
r-devel-linux-x86_64-fedora-clang 1.0.0 179.25 NOTE
r-devel-linux-x86_64-fedora-gcc 1.0.0 167.05 OK
r-devel-windows-ix86+x86_64 1.0.0 21.00 179.00 200.00 OK
r-devel-windows-x86_64-gcc10-UCRT 1.0.0 OK
r-patched-linux-x86_64 1.0.0 16.44 126.22 142.66 OK
r-patched-solaris-x86 1.0.0 238.10 OK
r-release-linux-x86_64 1.0.0 12.75 122.33 135.08 OK
r-release-macos-x86_64 1.0.0 OK
r-release-windows-ix86+x86_64 1.0.0 25.00 131.00 156.00 OK
r-oldrel-macos-x86_64 1.0.0 OK
r-oldrel-windows-ix86+x86_64 1.0.0 23.00 159.00 182.00 OK

Check Details

Version: 1.0.0
Check: Rd cross-references
Result: NOTE
    Undeclared package ‘colorspace’ in Rd xrefs
Flavor: r-devel-linux-x86_64-fedora-clang