CRAN Package Check Results for Package precondition

Last updated on 2024-04-21 08:53:58 CEST.

Flavor Version Tinstall Tcheck Ttotal Status Flags
r-devel-linux-x86_64-debian-clang 0.1.0 2.82 27.77 30.59 NOTE
r-devel-linux-x86_64-debian-gcc 0.1.0 2.24 21.70 23.94 NOTE
r-devel-linux-x86_64-fedora-clang 0.1.0 39.37 NOTE
r-devel-linux-x86_64-fedora-gcc 0.1.0 37.81 NOTE
r-prerel-macos-arm64 0.1.0 19.00 NOTE
r-prerel-windows-x86_64 0.1.0 5.00 51.00 56.00 NOTE
r-patched-linux-x86_64 0.1.0 2.64 27.35 29.99 NOTE
r-release-linux-x86_64 0.1.0 2.51 27.61 30.12 OK
r-release-macos-arm64 0.1.0 18.00 OK
r-release-macos-x86_64 0.1.0 26.00 OK
r-release-windows-x86_64 0.1.0 5.00 52.00 57.00 OK
r-oldrel-macos-arm64 0.1.0 19.00 OK
r-oldrel-windows-x86_64 0.1.0 6.00 51.00 57.00 OK

Additional issues

rchk

Check Details

Version: 0.1.0
Check: Rd files
Result: NOTE checkRd: (-1) diagnose_expressions.Rd:39: Lost braces 39 | \item wrapping a function argument in two curly braces (e.g. `{{arg}} > 0) means | ^ Flavors: r-devel-linux-x86_64-debian-clang, r-devel-linux-x86_64-debian-gcc, r-devel-linux-x86_64-fedora-clang, r-devel-linux-x86_64-fedora-gcc, r-prerel-macos-arm64, r-prerel-windows-x86_64, r-patched-linux-x86_64