CRAN Package Check Results for Package predict3d

Last updated on 2021-04-22 08:48:27 CEST.

Flavor Version Tinstall Tcheck Ttotal Status Flags
r-devel-linux-x86_64-debian-clang 0.1.3.3 14.24 144.61 158.85 NOTE
r-devel-linux-x86_64-debian-gcc 0.1.3.3 11.16 106.22 117.38 NOTE
r-devel-linux-x86_64-fedora-clang 0.1.3.3 207.97 NOTE
r-devel-linux-x86_64-fedora-gcc 0.1.3.3 187.55 NOTE
r-devel-windows-ix86+x86_64 0.1.3.3 37.00 176.00 213.00 NOTE
r-devel-windows-x86_64-gcc10-UCRT 0.1.3.3 ERROR
r-patched-linux-x86_64 0.1.3.3 15.47 133.16 148.63 OK
r-patched-solaris-x86 0.1.3.3 253.60 WARN
r-release-linux-x86_64 0.1.3.3 14.71 133.70 148.41 OK
r-release-macos-x86_64 0.1.3.3 WARN
r-release-windows-ix86+x86_64 0.1.3.3 35.00 135.00 170.00 OK
r-oldrel-macos-x86_64 0.1.3.3 WARN
r-oldrel-windows-ix86+x86_64 0.1.3.3 31.00 161.00 192.00 OK

Check Details

Version: 0.1.3.3
Check: LazyData
Result: NOTE
     'LazyData' is specified without a 'data' directory
Flavors: r-devel-linux-x86_64-debian-clang, r-devel-linux-x86_64-debian-gcc, r-devel-linux-x86_64-fedora-clang, r-devel-linux-x86_64-fedora-gcc, r-devel-windows-ix86+x86_64

Version: 0.1.3.3
Check: dependencies in R code
Result: NOTE
    Namespaces in Imports field not imported from:
     ‘TH.data’ ‘moonBook’
     All declared Imports should be used.
Flavors: r-devel-linux-x86_64-fedora-clang, r-devel-linux-x86_64-fedora-gcc, r-patched-solaris-x86, r-release-macos-x86_64

Version: 0.1.3.3
Check: package dependencies
Result: ERROR
    Package required but not available: 'rgl'
    
    See section 'The DESCRIPTION file' in the 'Writing R Extensions'
    manual.
Flavor: r-devel-windows-x86_64-gcc10-UCRT

Version: 0.1.3.3
Check: re-building of vignette outputs
Result: WARN
    Error(s) in re-building vignettes:
     ...
    --- re-building ‘predict3d.Rmd’ using rmarkdown
    Warning in engine$weave(file, quiet = quiet, encoding = enc) :
     Pandoc (>= 1.12.3) not available. Falling back to R Markdown v1.
    Loading required package: predict3d
    Loading required package: rgl
    Quitting from lines 55-58 (predict3d.Rmd)
    Error: processing vignette 'predict3d.Rmd' failed with diagnostics:
    subscript out of bounds
    --- failed re-building ‘predict3d.Rmd’
    
    SUMMARY: processing the following file failed:
     ‘predict3d.Rmd’
    
    Error: Vignette re-building failed.
    Execution halted
Flavor: r-patched-solaris-x86

Version: 0.1.3.3
Check: re-building of vignette outputs
Result: WARN
    Error(s) in re-building vignettes:
     ...
    --- re-building ‘predict3d.Rmd’ using rmarkdown
    Warning in engine$weave(file, quiet = quiet, encoding = enc) :
     Pandoc (>= 1.12.3) and/or pandoc-citeproc not available. Falling back to R Markdown v1.
    Loading required package: predict3d
    Loading required package: rgl
    Quitting from lines 55-58 (predict3d.Rmd)
    Error: processing vignette 'predict3d.Rmd' failed with diagnostics:
    cannot open the connection
    --- failed re-building ‘predict3d.Rmd’
    
    SUMMARY: processing the following file failed:
     ‘predict3d.Rmd’
    
    Error: Vignette re-building failed.
    Execution halted
Flavor: r-release-macos-x86_64

Version: 0.1.3.3
Check: whether package can be installed
Result: WARN
    Found the following significant warnings:
     Warning: 'rgl_init' failed, running with rgl.useNULL = TRUE
Flavor: r-oldrel-macos-x86_64

Version: 0.1.3.3
Check: dependencies in R code
Result: NOTE
    No protocol specified
    Namespaces in Imports field not imported from:
     ‘TH.data’ ‘moonBook’
     All declared Imports should be used.
Flavor: r-oldrel-macos-x86_64

Version: 0.1.3.3
Check: S3 generic/method consistency
Result: WARN
    No protocol specified
    See section ‘Generic functions and methods’ in the ‘Writing R
    Extensions’ manual.
Flavor: r-oldrel-macos-x86_64

Version: 0.1.3.3
Check: replacement functions
Result: WARN
    No protocol specified
    The argument of a replacement function which corresponds to the right
    hand side must be named ‘value’.
Flavor: r-oldrel-macos-x86_64

Version: 0.1.3.3
Check: foreign function calls
Result: NOTE
    No protocol specified
    See chapter ‘System and foreign language interfaces’ in the ‘Writing R
    Extensions’ manual.
Flavor: r-oldrel-macos-x86_64

Version: 0.1.3.3
Check: R code for possible problems
Result: NOTE
    No protocol specified
Flavor: r-oldrel-macos-x86_64

Version: 0.1.3.3
Check: for missing documentation entries
Result: WARN
    No protocol specified
    All user-level objects in a package should have documentation entries.
    See chapter ‘Writing R documentation files’ in the ‘Writing R
    Extensions’ manual.
Flavor: r-oldrel-macos-x86_64

Version: 0.1.3.3
Check: for code/documentation mismatches
Result: WARN
    No protocol specified
    No protocol specified
    No protocol specified
Flavor: r-oldrel-macos-x86_64

Version: 0.1.3.3
Check: Rd \usage sections
Result: NOTE
    No protocol specified
    The \usage entries for S3 methods should use the \method markup and not
    their full name.
    See chapter ‘Writing R documentation files’ in the ‘Writing R
    Extensions’ manual.
Flavor: r-oldrel-macos-x86_64

Version: 0.1.3.3
Check: re-building of vignette outputs
Result: WARN
    Error(s) in re-building vignettes:
     ...
    --- re-building ‘predict3d.Rmd’ using rmarkdown
    Warning in engine$weave(file, quiet = quiet, encoding = enc) :
     Pandoc (>= 1.12.3) and/or pandoc-citeproc not available. Falling back to R Markdown v1.
    Loading required package: predict3d
    No protocol specified
    Loading required package: rgl
    Quitting from lines 55-58 (predict3d.Rmd)
    Error: processing vignette 'predict3d.Rmd' failed with diagnostics:
    cannot open the connection
    --- failed re-building ‘predict3d.Rmd’
    
    SUMMARY: processing the following file failed:
     ‘predict3d.Rmd’
    
    Error: Vignette re-building failed.
    Execution halted
Flavor: r-oldrel-macos-x86_64