Last updated on 2024-04-24 07:57:50 CEST.
Flavor | Version | Tinstall | Tcheck | Ttotal | Status | Flags |
---|---|---|---|---|---|---|
r-devel-linux-x86_64-debian-clang | 1.1.0 | 22.74 | 177.51 | 200.25 | OK | |
r-devel-linux-x86_64-debian-gcc | 1.1.0 | 20.24 | 129.07 | 149.31 | OK | |
r-devel-linux-x86_64-fedora-clang | 1.1.0 | 250.55 | NOTE | |||
r-devel-linux-x86_64-fedora-gcc | 1.1.0 | 238.00 | OK | |||
r-prerel-macos-arm64 | 1.1.0 | 63.00 | OK | |||
r-prerel-macos-x86_64 | 1.1.0 | 164.00 | OK | |||
r-prerel-windows-x86_64 | 1.1.0 | 21.00 | 131.00 | 152.00 | OK | |
r-patched-linux-x86_64 | 1.1.0 | 33.00 | 169.41 | 202.41 | OK | |
r-release-linux-x86_64 | 1.1.0 | 20.83 | 172.78 | 193.61 | OK | |
r-release-macos-arm64 | 1.1.0 | 72.00 | OK | |||
r-release-macos-x86_64 | 1.1.0 | 169.00 | OK | |||
r-release-windows-x86_64 | 1.1.0 | 29.00 | 169.00 | 198.00 | OK | |
r-oldrel-macos-arm64 | 1.1.0 | 71.00 | OK | |||
r-oldrel-windows-x86_64 | 1.1.0 | 29.00 | 168.00 | 197.00 | OK |
Version: 1.1.0
Check: Rd cross-references
Result: NOTE
Undeclared package ‘TMB’ in Rd xrefs
Flavor: r-devel-linux-x86_64-fedora-clang