Last updated on 2024-04-19 08:54:51 CEST.
Flavor | Version | Tinstall | Tcheck | Ttotal | Status | Flags |
---|---|---|---|---|---|---|
r-devel-linux-x86_64-debian-clang | 0.1.1 | 3.65 | 52.26 | 55.91 | NOTE | |
r-devel-linux-x86_64-debian-gcc | 0.1.1 | NOTE | ||||
r-devel-linux-x86_64-fedora-clang | 0.1.1 | 70.74 | NOTE | |||
r-devel-linux-x86_64-fedora-gcc | 0.1.1 | 67.28 | NOTE | |||
r-prerel-macos-arm64 | 0.1.1 | 24.00 | NOTE | |||
r-prerel-windows-x86_64 | 0.1.1 | 5.00 | 66.00 | 71.00 | NOTE | |
r-patched-linux-x86_64 | 0.1.1 | 2.32 | 50.52 | 52.84 | NOTE | |
r-release-linux-x86_64 | 0.1.1 | 2.29 | 48.92 | 51.21 | NOTE | |
r-release-macos-arm64 | 0.1.1 | 27.00 | NOTE | |||
r-release-macos-x86_64 | 0.1.1 | 35.00 | NOTE | |||
r-release-windows-x86_64 | 0.1.1 | 6.00 | 72.00 | 78.00 | NOTE | |
r-oldrel-macos-arm64 | 0.1.1 | 23.00 | NOTE | |||
r-oldrel-windows-x86_64 | 0.1.1 | 5.00 | 73.00 | 78.00 | NOTE |
Version: 0.1.1
Check: LazyData
Result: NOTE
'LazyData' is specified without a 'data' directory
Flavors: r-devel-linux-x86_64-debian-clang, r-devel-linux-x86_64-debian-gcc, r-devel-linux-x86_64-fedora-clang, r-devel-linux-x86_64-fedora-gcc, r-prerel-macos-arm64, r-prerel-windows-x86_64, r-patched-linux-x86_64, r-release-linux-x86_64, r-release-macos-arm64, r-release-macos-x86_64, r-release-windows-x86_64, r-oldrel-macos-arm64, r-oldrel-windows-x86_64