CRAN Package Check Results for Package predtoolsTS

Last updated on 2021-09-26 08:50:21 CEST.

Flavor Version Tinstall Tcheck Ttotal Status Flags
r-devel-linux-x86_64-debian-clang 0.1.1 3.45 48.70 52.15 NOTE
r-devel-linux-x86_64-debian-gcc 0.1.1 2.64 36.58 39.22 NOTE
r-devel-linux-x86_64-fedora-clang 0.1.1 70.82 NOTE
r-devel-linux-x86_64-fedora-gcc 0.1.1 60.21 NOTE
r-devel-windows-x86_64 0.1.1 5.00 55.00 60.00 NOTE
r-devel-windows-x86_64-gcc10-UCRT 0.1.1 NOTE
r-patched-linux-x86_64 0.1.1 3.38 47.00 50.38 NOTE
r-patched-solaris-x86 0.1.1 88.80 NOTE
r-release-linux-x86_64 0.1.1 3.20 48.08 51.28 NOTE
r-release-macos-arm64 0.1.1 NOTE
r-release-macos-x86_64 0.1.1 NOTE
r-release-windows-ix86+x86_64 0.1.1 12.00 59.00 71.00 NOTE
r-oldrel-macos-x86_64 0.1.1 OK
r-oldrel-windows-ix86+x86_64 0.1.1 9.00 57.00 66.00 OK

Check Details

Version: 0.1.1
Check: LazyData
Result: NOTE
     'LazyData' is specified without a 'data' directory
Flavors: r-devel-linux-x86_64-debian-clang, r-devel-linux-x86_64-debian-gcc, r-devel-linux-x86_64-fedora-clang, r-devel-linux-x86_64-fedora-gcc, r-devel-windows-x86_64, r-devel-windows-x86_64-gcc10-UCRT, r-patched-linux-x86_64, r-patched-solaris-x86, r-release-linux-x86_64, r-release-macos-arm64, r-release-macos-x86_64, r-release-windows-ix86+x86_64