Last updated on 2024-03-12 07:50:03 CET.
Flavor | Version | Tinstall | Tcheck | Ttotal | Status | Flags |
---|---|---|---|---|---|---|
r-devel-linux-x86_64-debian-clang | 2.6.1 | 6.83 | 56.55 | 63.38 | OK | |
r-devel-linux-x86_64-debian-gcc | 2.6.1 | 4.61 | 43.52 | 48.13 | OK | |
r-devel-linux-x86_64-fedora-clang | 2.6.1 | 78.20 | NOTE | |||
r-devel-linux-x86_64-fedora-gcc | 2.6.1 | 74.88 | OK | |||
r-devel-windows-x86_64 | 2.6.1 | 8.00 | 65.00 | 73.00 | NOTE | |
r-patched-linux-x86_64 | 2.6.1 | 6.93 | 55.09 | 62.02 | OK | |
r-release-linux-x86_64 | 2.6.1 | 7.73 | 55.50 | 63.23 | OK | |
r-release-macos-arm64 | 2.6.1 | 34.00 | NOTE | |||
r-release-macos-x86_64 | 2.6.1 | 47.00 | NOTE | |||
r-release-windows-x86_64 | 2.6.1 | 10.00 | 70.00 | 80.00 | NOTE | |
r-oldrel-macos-arm64 | 2.6.1 | 31.00 | NOTE | |||
r-oldrel-windows-x86_64 | 2.6.1 | 11.00 | 77.00 | 88.00 | NOTE |
Version: 2.6.1
Check: installed package size
Result: NOTE
installed size is 5.6Mb
sub-directories of 1Mb or more:
shinyApp 5.4Mb
Flavors: r-devel-linux-x86_64-fedora-clang, r-devel-windows-x86_64, r-release-macos-arm64, r-release-macos-x86_64, r-release-windows-x86_64, r-oldrel-macos-arm64, r-oldrel-windows-x86_64