CRAN Package Check Results for Package prevtoinc

Last updated on 2024-04-23 08:58:12 CEST.

Flavor Version Tinstall Tcheck Ttotal Status Flags
r-devel-linux-x86_64-debian-clang 0.12.0 6.34 82.31 88.65 NOTE
r-devel-linux-x86_64-debian-gcc 0.12.0 4.14 57.20 61.34 NOTE
r-devel-linux-x86_64-fedora-clang 0.12.0 108.45 NOTE
r-devel-linux-x86_64-fedora-gcc 0.12.0 114.30 NOTE
r-prerel-macos-arm64 0.12.0 42.00 NOTE
r-prerel-windows-x86_64 0.12.0 6.00 79.00 85.00 NOTE
r-patched-linux-x86_64 0.12.0 3.67 78.02 81.69 NOTE
r-release-linux-x86_64 0.12.0 5.41 81.69 87.10 NOTE
r-release-macos-arm64 0.12.0 44.00 NOTE
r-release-macos-x86_64 0.12.0 70.00 NOTE
r-release-windows-x86_64 0.12.0 7.00 93.00 100.00 NOTE
r-oldrel-macos-arm64 0.12.0 38.00 NOTE
r-oldrel-windows-x86_64 0.12.0 7.00 92.00 99.00 NOTE

Check Details

Version: 0.12.0
Check: Rd files
Result: NOTE checkRd: (-1) calculate_CI_I_pp.Rd:13: Lost braces in \itemize; meant \describe ? checkRd: (-1) calculate_CI_I_pp.Rd:14: Lost braces in \itemize; meant \describe ? checkRd: (-1) calculate_CI_I_pp.Rd:15: Lost braces in \itemize; meant \describe ? checkRd: (-1) calculate_CI_I_pp.Rd:16: Lost braces in \itemize; meant \describe ? checkRd: (-1) calculate_CI_I_pp.Rd:17: Lost braces in \itemize; meant \describe ? checkRd: (-1) calculate_CI_I_pp.Rd:18: Lost braces in \itemize; meant \describe ? checkRd: (-1) calculate_I_mixed.Rd:23: Lost braces in \itemize; \value handles \item{}{} directly checkRd: (-1) calculate_I_mixed.Rd:24: Lost braces in \itemize; \value handles \item{}{} directly checkRd: (-1) calculate_I_mixed.Rd:25: Lost braces in \itemize; \value handles \item{}{} directly checkRd: (-1) calculate_I_mixed.Rd:26: Lost braces in \itemize; \value handles \item{}{} directly checkRd: (-1) calculate_I_mixed.Rd:27: Lost braces in \itemize; \value handles \item{}{} directly checkRd: (-1) calculate_I_mixed.Rd:28: Lost braces in \itemize; \value handles \item{}{} directly checkRd: (-1) calculate_I_mixed.Rd:29: Lost braces in \itemize; \value handles \item{}{} directly checkRd: (-1) calculate_I_mixed.Rd:30: Lost braces in \itemize; \value handles \item{}{} directly checkRd: (-1) calculate_I_rhame.Rd:22: Lost braces in \itemize; \value handles \item{}{} directly checkRd: (-1) calculate_I_rhame.Rd:23: Lost braces in \itemize; \value handles \item{}{} directly checkRd: (-1) calculate_I_rhame.Rd:24: Lost braces in \itemize; \value handles \item{}{} directly checkRd: (-1) calculate_I_rhame.Rd:25: Lost braces in \itemize; \value handles \item{}{} directly checkRd: (-1) calculate_I_rhame.Rd:26: Lost braces in \itemize; \value handles \item{}{} directly checkRd: (-1) calculate_I_rhame.Rd:27: Lost braces in \itemize; \value handles \item{}{} directly checkRd: (-1) calculate_I_rhame.Rd:28: Lost braces in \itemize; \value handles \item{}{} directly checkRd: (-1) calculate_I_rhame.Rd:29: Lost braces in \itemize; \value handles \item{}{} directly checkRd: (-1) calculate_I_smooth.Rd:27: Lost braces in \itemize; \value handles \item{}{} directly checkRd: (-1) calculate_I_smooth.Rd:28: Lost braces in \itemize; \value handles \item{}{} directly checkRd: (-1) calculate_I_smooth.Rd:29: Lost braces in \itemize; \value handles \item{}{} directly checkRd: (-1) calculate_I_smooth.Rd:30: Lost braces in \itemize; \value handles \item{}{} directly checkRd: (-1) calculate_I_smooth.Rd:31: Lost braces in \itemize; \value handles \item{}{} directly checkRd: (-1) calculate_I_smooth.Rd:32: Lost braces in \itemize; \value handles \item{}{} directly checkRd: (-1) calculate_I_smooth.Rd:33: Lost braces in \itemize; \value handles \item{}{} directly checkRd: (-1) calculate_I_smooth.Rd:34: Lost braces in \itemize; \value handles \item{}{} directly checkRd: (-1) simulate_incidence_stats.Rd:20: Lost braces; missing escapes or markup? 20 | \item{x.los - average length of stay x_{los}} | ^ checkRd: (-1) simulate_incidence_stats.Rd:21: Lost braces; missing escapes or markup? 21 | \item{x.loi - average length of infection x_{loi}} | ^ Flavors: r-devel-linux-x86_64-debian-clang, r-devel-linux-x86_64-debian-gcc, r-devel-linux-x86_64-fedora-clang, r-devel-linux-x86_64-fedora-gcc, r-prerel-macos-arm64, r-prerel-windows-x86_64, r-patched-linux-x86_64

Version: 0.12.0
Check: LazyData
Result: NOTE 'LazyData' is specified without a 'data' directory Flavors: r-devel-linux-x86_64-debian-clang, r-devel-linux-x86_64-debian-gcc, r-devel-linux-x86_64-fedora-clang, r-devel-linux-x86_64-fedora-gcc, r-prerel-macos-arm64, r-prerel-windows-x86_64, r-patched-linux-x86_64, r-release-linux-x86_64, r-release-macos-arm64, r-release-macos-x86_64, r-release-windows-x86_64, r-oldrel-macos-arm64, r-oldrel-windows-x86_64