Last updated on 2024-04-24 07:57:50 CEST.
Flavor | Version | Tinstall | Tcheck | Ttotal | Status | Flags |
---|---|---|---|---|---|---|
r-devel-linux-x86_64-debian-clang | 8.0.3 | 577.68 | 511.96 | 1089.64 | NOTE | |
r-devel-linux-x86_64-debian-gcc | 8.0.3 | 455.94 | 355.63 | 811.57 | NOTE | |
r-devel-linux-x86_64-fedora-clang | 8.0.3 | 1508.74 | NOTE | |||
r-devel-linux-x86_64-fedora-gcc | 8.0.3 | 1492.17 | NOTE | |||
r-prerel-macos-arm64 | 8.0.3 | 250.00 | NOTE | |||
r-prerel-windows-x86_64 | 8.0.3 | 439.00 | 387.00 | 826.00 | NOTE | |
r-patched-linux-x86_64 | 8.0.3 | 565.85 | 468.61 | 1034.46 | NOTE | |
r-release-linux-x86_64 | 8.0.3 | 566.57 | 484.76 | 1051.33 | NOTE | |
r-release-macos-arm64 | 8.0.3 | 279.00 | NOTE | |||
r-release-macos-x86_64 | 8.0.3 | 387.00 | NOTE | |||
r-release-windows-x86_64 | 8.0.3 | 553.00 | 483.00 | 1036.00 | NOTE | |
r-oldrel-macos-arm64 | 8.0.3 | 239.00 | NOTE | |||
r-oldrel-windows-x86_64 | 8.0.3 | 519.00 | 423.00 | 942.00 | NOTE |
Version: 8.0.3
Check: package dependencies
Result: NOTE
Packages suggested but not available for checking:
'gurobi', 'rcbc', 'cplexAPI'
Flavors: r-devel-linux-x86_64-debian-clang, r-devel-linux-x86_64-debian-gcc, r-devel-linux-x86_64-fedora-clang, r-devel-linux-x86_64-fedora-gcc, r-prerel-macos-arm64, r-prerel-windows-x86_64, r-patched-linux-x86_64, r-release-linux-x86_64, r-release-macos-arm64, r-release-macos-x86_64, r-release-windows-x86_64, r-oldrel-macos-arm64, r-oldrel-windows-x86_64
Version: 8.0.3
Check: installed package size
Result: NOTE
installed size is 8.8Mb
sub-directories of 1Mb or more:
R 1.3Mb
doc 4.7Mb
Flavors: r-devel-linux-x86_64-fedora-clang, r-prerel-macos-arm64, r-prerel-windows-x86_64, r-release-macos-arm64, r-release-macos-x86_64, r-release-windows-x86_64, r-oldrel-macos-arm64, r-oldrel-windows-x86_64