CRAN Package Check Results for Package prioritizr

Last updated on 2021-04-15 09:50:10 CEST.

Flavor Version Tinstall Tcheck Ttotal Status Flags
r-devel-linux-x86_64-debian-clang 7.0.1 546.20 278.82 825.02 NOTE
r-devel-linux-x86_64-debian-gcc 7.0.1 371.63 209.86 581.49 NOTE
r-devel-linux-x86_64-fedora-clang 7.0.1 1110.88 NOTE
r-devel-linux-x86_64-fedora-gcc 7.0.1 1043.93 NOTE
r-devel-windows-ix86+x86_64 7.0.1 1270.00 403.00 1673.00 NOTE
r-devel-windows-x86_64-gcc10-UCRT 7.0.1 NOTE
r-patched-linux-x86_64 7.0.1 436.29 258.54 694.83 NOTE
r-patched-solaris-x86 7.0.1 978.60 NOTE
r-release-linux-x86_64 7.0.1 421.38 257.92 679.30 NOTE
r-release-macos-x86_64 7.0.1 NOTE
r-release-windows-ix86+x86_64 7.0.1 1063.00 502.00 1565.00 NOTE
r-oldrel-macos-x86_64 7.0.1 NOTE
r-oldrel-windows-ix86+x86_64 7.0.1 1086.00 346.00 1432.00 NOTE

Check Details

Version: 7.0.1
Check: package dependencies
Result: NOTE
    Packages suggested but not available for checking: 'gurobi', 'rcbc'
Flavors: r-devel-linux-x86_64-debian-clang, r-devel-linux-x86_64-debian-gcc, r-patched-linux-x86_64, r-release-linux-x86_64

Version: 7.0.1
Check: package dependencies
Result: NOTE
    Packages suggested but not available for checking:
     'gurobi', 'rcbc', 'cplexAPI'
Flavors: r-devel-linux-x86_64-fedora-clang, r-devel-linux-x86_64-fedora-gcc, r-devel-windows-ix86+x86_64, r-release-windows-ix86+x86_64, r-oldrel-windows-ix86+x86_64

Version: 7.0.1
Check: installed package size
Result: NOTE
     installed size is 22.1Mb
     sub-directories of 1Mb or more:
     doc 1.9Mb
     libs 17.9Mb
Flavors: r-devel-linux-x86_64-fedora-clang, r-devel-windows-ix86+x86_64, r-patched-solaris-x86, r-release-macos-x86_64, r-release-windows-ix86+x86_64, r-oldrel-macos-x86_64, r-oldrel-windows-ix86+x86_64

Version: 7.0.1
Check: dependencies in R code
Result: NOTE
    Namespace in Imports field not imported from: ‘exactextractr’
     All declared Imports should be used.
Flavors: r-devel-linux-x86_64-fedora-clang, r-devel-linux-x86_64-fedora-gcc, r-devel-windows-x86_64-gcc10-UCRT, r-patched-solaris-x86, r-release-macos-x86_64, r-oldrel-macos-x86_64

Version: 7.0.1
Check: package dependencies
Result: NOTE
    Packages suggested but not available for checking:
     'gurobi', 'rcbc', 'cplexAPI', 'lpsymphony'
Flavor: r-devel-windows-x86_64-gcc10-UCRT

Version: 7.0.1
Check: package dependencies
Result: NOTE
    Packages suggested but not available for checking:
     'gurobi', 'rcbc', 'cplexAPI', 'lpsymphony', 'Rsymphony'
Flavors: r-patched-solaris-x86, r-release-macos-x86_64

Version: 7.0.1
Check: package dependencies
Result: NOTE
    Packages suggested but not available for checking:
     'gurobi', 'rcbc', 'cplexAPI', 'Rsymphony'
Flavor: r-oldrel-macos-x86_64