Last updated on 2024-04-25 08:00:02 CEST.
Flavor | Version | Tinstall | Tcheck | Ttotal | Status | Flags |
---|---|---|---|---|---|---|
r-devel-linux-x86_64-debian-clang | 0.1.2 | 30.88 | 268.62 | 299.50 | OK | |
r-devel-linux-x86_64-debian-gcc | 0.1.2 | 23.19 | 184.11 | 207.30 | OK | |
r-devel-linux-x86_64-fedora-clang | 0.1.2 | 354.37 | NOTE | |||
r-devel-linux-x86_64-fedora-gcc | 0.1.2 | 339.15 | NOTE | |||
r-devel-windows-x86_64 | 0.1.2 | 23.00 | 160.00 | 183.00 | OK | |
r-patched-linux-x86_64 | 0.1.2 | 25.71 | 244.39 | 270.10 | OK | |
r-release-linux-x86_64 | 0.1.2 | 17.71 | 244.96 | 262.67 | OK | |
r-release-macos-arm64 | 0.1.2 | 79.00 | OK | |||
r-release-windows-x86_64 | 0.1.2 | 24.00 | 159.00 | 183.00 | OK | |
r-oldrel-macos-arm64 | 0.1.2 | 32.00 | OK | |||
r-oldrel-macos-x86_64 | 0.1.2 | 48.00 | OK | |||
r-oldrel-windows-x86_64 | 0.1.2 | 32.00 | 207.00 | 239.00 | OK |
Version: 0.1.2
Check: data for non-ASCII characters
Result: NOTE
Note: found 2 marked UTF-8 strings
Flavors: r-devel-linux-x86_64-fedora-clang, r-devel-linux-x86_64-fedora-gcc