Last updated on 2024-03-12 07:50:03 CET.
Flavor | Version | Tinstall | Tcheck | Ttotal | Status | Flags |
---|---|---|---|---|---|---|
r-devel-linux-x86_64-debian-clang | 1.0.3 | 18.91 | 390.08 | 408.99 | OK | |
r-devel-linux-x86_64-debian-gcc | 1.0.3 | 15.49 | 287.54 | 303.03 | OK | |
r-devel-linux-x86_64-fedora-clang | 1.0.3 | 493.74 | NOTE | |||
r-devel-linux-x86_64-fedora-gcc | 1.0.3 | 493.94 | OK | |||
r-devel-windows-x86_64 | 1.0.3 | 16.00 | 293.00 | 309.00 | OK | |
r-patched-linux-x86_64 | 1.0.3 | 14.83 | 372.54 | 387.37 | OK | |
r-release-linux-x86_64 | 1.0.3 | 14.43 | 363.64 | 378.07 | OK | |
r-release-macos-arm64 | 1.0.3 | 151.00 | OK | |||
r-release-macos-x86_64 | 1.0.3 | 374.00 | OK | |||
r-release-windows-x86_64 | 1.0.3 | 23.00 | 366.00 | 389.00 | OK | |
r-oldrel-macos-arm64 | 1.0.3 | 139.00 | OK | |||
r-oldrel-windows-x86_64 | 1.0.3 | 24.00 | 357.00 | 381.00 | OK |
Version: 1.0.3
Check: Rd cross-references
Result: NOTE
Undeclared package ‘future’ in Rd xrefs
Flavor: r-devel-linux-x86_64-fedora-clang