Last updated on 2024-03-12 07:50:03 CET.
Flavor | Version | Tinstall | Tcheck | Ttotal | Status | Flags |
---|---|---|---|---|---|---|
r-devel-linux-x86_64-debian-clang | 1.1.2 | 4.71 | 397.88 | 402.59 | WARN | |
r-devel-linux-x86_64-debian-gcc | 1.1.2 | 2.93 | 287.26 | 290.19 | OK | |
r-devel-linux-x86_64-fedora-clang | 1.1.2 | 483.41 | OK | |||
r-devel-linux-x86_64-fedora-gcc | 1.1.2 | 495.22 | OK | |||
r-devel-windows-x86_64 | 1.1.2 | 8.00 | 394.00 | 402.00 | OK | |
r-patched-linux-x86_64 | 1.1.2 | 4.10 | 394.62 | 398.72 | OK | |
r-release-linux-x86_64 | 1.1.2 | 3.77 | 397.04 | 400.81 | OK | |
r-release-macos-arm64 | 1.1.2 | 130.00 | OK | |||
r-release-macos-x86_64 | 1.1.2 | 260.00 | OK | |||
r-release-windows-x86_64 | 1.1.2 | 6.00 | 379.00 | 385.00 | OK | |
r-oldrel-macos-arm64 | 1.1.2 | 124.00 | OK | |||
r-oldrel-windows-x86_64 | 1.1.2 | 8.00 | 441.00 | 449.00 | OK |
Version: 1.1.2
Check: whether package can be installed
Result: WARN
Found the following significant warnings:
flang-new: warning: argument unused during compilation: '-Wall' [-Wunused-command-line-argument]
See ‘/home/hornik/tmp/R.check/r-devel-clang/Work/PKGS/probout.Rcheck/00install.out’ for details.
* used C compiler: ‘Debian clang version 18.1.0 (rc4-1)’
* used Fortran compiler: ‘Debian flang-new version 18.1.0 (rc4-1)’
Flavor: r-devel-linux-x86_64-debian-clang