Last updated on 2024-05-05 08:53:00 CEST.
Flavor | Version | Tinstall | Tcheck | Ttotal | Status | Flags |
---|---|---|---|---|---|---|
r-devel-linux-x86_64-debian-clang | 1.0.5 | 13.00 | 127.96 | 140.96 | OK | |
r-devel-linux-x86_64-debian-gcc | 1.0.5 | 11.60 | 96.14 | 107.74 | OK | |
r-devel-linux-x86_64-fedora-clang | 1.0.5 | 172.88 | NOTE | |||
r-devel-linux-x86_64-fedora-gcc | 1.0.5 | 176.82 | OK | |||
r-devel-windows-x86_64 | 1.0.5 | 11.00 | 112.00 | 123.00 | NOTE | |
r-patched-linux-x86_64 | 1.0.5 | 13.20 | 123.51 | 136.71 | OK | |
r-release-linux-x86_64 | 1.0.5 | 7.41 | 120.79 | 128.20 | OK | |
r-release-macos-arm64 | 1.0.5 | 60.00 | NOTE | |||
r-release-windows-x86_64 | 1.0.5 | 12.00 | 112.00 | 124.00 | NOTE | |
r-oldrel-macos-arm64 | 1.0.5 | 65.00 | NOTE | |||
r-oldrel-macos-x86_64 | 1.0.5 | 113.00 | NOTE | |||
r-oldrel-windows-x86_64 | 1.0.5 | 15.00 | 124.00 | 139.00 | NOTE |
Version: 1.0.5
Check: installed package size
Result: NOTE
installed size is 11.6Mb
sub-directories of 1Mb or more:
doc 8.8Mb
htmlwidgets 2.6Mb
Flavors: r-devel-linux-x86_64-fedora-clang, r-devel-windows-x86_64, r-release-macos-arm64, r-release-windows-x86_64, r-oldrel-macos-arm64, r-oldrel-macos-x86_64, r-oldrel-windows-x86_64