Last updated on 2024-04-18 08:54:42 CEST.
Flavor | Version | Tinstall | Tcheck | Ttotal | Status | Flags |
---|---|---|---|---|---|---|
r-devel-linux-x86_64-debian-clang | 0.3-21 | 310.47 | 109.47 | 419.94 | OK | |
r-devel-linux-x86_64-debian-gcc | 0.3-21 | 228.31 | 79.51 | 307.82 | OK | |
r-devel-linux-x86_64-fedora-clang | 0.3-21 | 624.40 | OK | |||
r-devel-linux-x86_64-fedora-gcc | 0.3-21 | 595.66 | OK | |||
r-prerel-macos-arm64 | 0.3-21 | 105.00 | NOTE | |||
r-prerel-windows-x86_64 | 0.3-21 | 221.00 | 110.00 | 331.00 | OK | |
r-patched-linux-x86_64 | 0.3-21 | 284.55 | 103.02 | 387.57 | OK | |
r-release-linux-x86_64 | 0.3-21 | 298.23 | 101.98 | 400.21 | OK | |
r-release-macos-arm64 | 0.3-21 | 116.00 | NOTE | |||
r-release-macos-x86_64 | 0.3-21 | 160.00 | NOTE | |||
r-release-windows-x86_64 | 0.3-21 | 287.00 | 132.00 | 419.00 | OK | |
r-oldrel-macos-arm64 | 0.3-21 | 105.00 | NOTE | |||
r-oldrel-windows-x86_64 | 0.3-21 | 279.00 | 140.00 | 419.00 | OK |
Version: 0.3-21
Check: installed package size
Result: NOTE
installed size is 7.4Mb
sub-directories of 1Mb or more:
libs 7.3Mb
Flavors: r-prerel-macos-arm64, r-release-macos-arm64, r-release-macos-x86_64, r-oldrel-macos-arm64