CRAN Package Check Results for Package pspatreg

Last updated on 2023-02-02 07:53:07 CET.

Flavor Version Tinstall Tcheck Ttotal Status Flags
r-devel-linux-x86_64-debian-clang 1.0.6 26.12 231.96 258.08 OK
r-devel-linux-x86_64-debian-gcc 1.0.6 21.90 163.58 185.48 OK
r-devel-linux-x86_64-fedora-clang 1.0.6 311.87 NOTE
r-devel-linux-x86_64-fedora-gcc 1.0.6 309.43 OK
r-devel-windows-x86_64 1.0.6 45.00 242.00 287.00 OK
r-patched-linux-x86_64 1.0.6 25.82 212.57 238.39 OK
r-release-linux-x86_64 1.0.6 26.52 213.74 240.26 OK
r-release-macos-arm64 1.0.6 7.00 ERROR
r-release-macos-x86_64 1.0.6 9.00 ERROR
r-release-windows-x86_64 1.0.6 70.00 249.00 319.00 OK
r-oldrel-macos-arm64 1.0.6 10.00 ERROR
r-oldrel-macos-x86_64 1.0.6 11.00 ERROR
r-oldrel-windows-ix86+x86_64 1.0.6 9.00 19.00 28.00 ERROR

Check Details

Version: 1.0.6
Check: Rd cross-references
Result: NOTE
    Undeclared package ‘spsur’ in Rd xrefs
Flavor: r-devel-linux-x86_64-fedora-clang

Version: 1.0.6
Check: package dependencies
Result: ERROR
    Package required and available but unsuitable version: ‘splines’
    
    See section ‘The DESCRIPTION file’ in the ‘Writing R Extensions’
    manual.
Flavors: r-release-macos-arm64, r-release-macos-x86_64, r-oldrel-macos-arm64, r-oldrel-macos-x86_64, r-oldrel-windows-ix86+x86_64