Last updated on 2024-04-19 08:54:51 CEST.
Flavor | Version | Tinstall | Tcheck | Ttotal | Status | Flags |
---|---|---|---|---|---|---|
r-devel-linux-x86_64-debian-clang | 1.0.3 | 13.65 | 118.13 | 131.78 | NOTE | |
r-devel-linux-x86_64-debian-gcc | 1.0.3 | NOTE | ||||
r-devel-linux-x86_64-fedora-clang | 1.0.3 | 154.59 | NOTE | |||
r-devel-linux-x86_64-fedora-gcc | 1.0.3 | 148.24 | NOTE | |||
r-prerel-macos-arm64 | 1.0.3 | 45.00 | NOTE | |||
r-prerel-windows-x86_64 | 1.0.3 | 10.00 | 93.00 | 103.00 | NOTE | |
r-patched-linux-x86_64 | 1.0.3 | 10.00 | 106.81 | 116.81 | NOTE | |
r-release-linux-x86_64 | 1.0.3 | 9.81 | 118.52 | 128.33 | NOTE | |
r-release-macos-arm64 | 1.0.3 | 47.00 | NOTE | |||
r-release-macos-x86_64 | 1.0.3 | 81.00 | NOTE | |||
r-release-windows-x86_64 | 1.0.3 | 15.00 | 114.00 | 129.00 | NOTE | |
r-oldrel-macos-arm64 | 1.0.3 | 56.00 | NOTE | |||
r-oldrel-windows-x86_64 | 1.0.3 | 14.00 | 118.00 | 132.00 | NOTE |
Version: 1.0.3
Check: LazyData
Result: NOTE
'LazyData' is specified without a 'data' directory
Flavors: r-devel-linux-x86_64-debian-clang, r-devel-linux-x86_64-debian-gcc, r-devel-linux-x86_64-fedora-clang, r-devel-linux-x86_64-fedora-gcc, r-prerel-macos-arm64, r-prerel-windows-x86_64, r-patched-linux-x86_64, r-release-linux-x86_64, r-release-macos-arm64, r-release-macos-x86_64, r-release-windows-x86_64, r-oldrel-macos-arm64, r-oldrel-windows-x86_64