Last updated on 2024-03-12 07:50:03 CET.
Flavor | Version | Tinstall | Tcheck | Ttotal | Status | Flags |
---|---|---|---|---|---|---|
r-devel-linux-x86_64-debian-clang | 0.11.5 | 1008.60 | 220.17 | 1228.77 | OK | |
r-devel-linux-x86_64-debian-gcc | 0.11.5 | 810.43 | 165.69 | 976.12 | OK | |
r-devel-linux-x86_64-fedora-clang | 0.11.5 | 1840.77 | OK | |||
r-devel-linux-x86_64-fedora-gcc | 0.11.5 | 1968.44 | OK | |||
r-devel-windows-x86_64 | 0.11.5 | 744.00 | 198.00 | 942.00 | OK | |
r-patched-linux-x86_64 | 0.11.5 | 756.89 | 213.70 | 970.59 | OK | |
r-release-linux-x86_64 | 0.11.5 | 908.00 | 217.65 | 1125.65 | OK | |
r-release-macos-arm64 | 0.11.5 | 214.00 | NOTE | |||
r-release-macos-x86_64 | 0.11.5 | 251.00 | NOTE | |||
r-release-windows-x86_64 | 0.11.5 | 959.00 | 251.00 | 1210.00 | OK | |
r-oldrel-macos-arm64 | 0.11.5 | 242.00 | NOTE | |||
r-oldrel-windows-x86_64 | 0.11.5 | 912.00 | 234.00 | 1146.00 | OK |
Version: 0.11.5
Check: installed package size
Result: NOTE
installed size is 28.2Mb
sub-directories of 1Mb or more:
libs 27.1Mb
Flavors: r-release-macos-arm64, r-release-macos-x86_64, r-oldrel-macos-arm64