Last updated on 2024-04-23 08:58:12 CEST.
Flavor | Version | Tinstall | Tcheck | Ttotal | Status | Flags |
---|---|---|---|---|---|---|
r-devel-linux-x86_64-debian-clang | 1.1.3 | 3.49 | 381.72 | 385.21 | OK | |
r-devel-linux-x86_64-debian-gcc | 1.1.3 | 3.66 | 267.83 | 271.49 | OK | |
r-devel-linux-x86_64-fedora-clang | 1.1.3 | 470.80 | OK | |||
r-devel-linux-x86_64-fedora-gcc | 1.1.3 | 489.67 | OK | |||
r-prerel-macos-arm64 | 1.1.3 | 98.00 | OK | |||
r-prerel-macos-x86_64 | 1.1.3 | 249.00 | OK | |||
r-prerel-windows-x86_64 | 1.1.3 | 5.00 | 241.00 | 246.00 | OK | |
r-patched-linux-x86_64 | 1.1.3 | 4.40 | 369.36 | 373.76 | OK | |
r-release-linux-x86_64 | 1.1.3 | 3.58 | 353.75 | 357.33 | OK | |
r-release-macos-arm64 | 1.1.3 | 106.00 | OK | |||
r-release-macos-x86_64 | 1.1.3 | 233.00 | OK | |||
r-release-windows-x86_64 | 1.1.3 | 6.00 | 342.00 | 348.00 | OK | |
r-oldrel-macos-arm64 | 1.1.3 | 12.00 | ERROR | |||
r-oldrel-windows-x86_64 | 1.1.3 | 6.00 | 329.00 | 335.00 | OK |
Version: 1.1.3
Check: package dependencies
Result: ERROR
Package required but not available: ‘tweeDEseq’
See section ‘The DESCRIPTION file’ in the ‘Writing R Extensions’
manual.
Flavor: r-oldrel-macos-arm64