Last updated on 2024-04-19 08:54:51 CEST.
Flavor | Version | Tinstall | Tcheck | Ttotal | Status | Flags |
---|---|---|---|---|---|---|
r-devel-linux-x86_64-debian-clang | 7.1-1 | 9.11 | 25.55 | 34.66 | OK | |
r-devel-linux-x86_64-debian-gcc | 7.1-1 | OK | ||||
r-devel-linux-x86_64-fedora-clang | 7.1-1 | 44.35 | NOTE | |||
r-devel-linux-x86_64-fedora-gcc | 7.1-1 | 42.09 | OK | |||
r-prerel-macos-arm64 | 7.1-1 | 21.00 | NOTE | |||
r-prerel-windows-x86_64 | 7.1-1 | 10.00 | 45.00 | 55.00 | NOTE | |
r-patched-linux-x86_64 | 7.1-1 | 10.07 | 25.36 | 35.43 | OK | |
r-release-linux-x86_64 | 7.1-1 | 8.55 | 25.32 | 33.87 | OK | |
r-release-macos-arm64 | 7.1-1 | 21.00 | NOTE | |||
r-release-macos-x86_64 | 7.1-1 | 31.00 | NOTE | |||
r-release-windows-x86_64 | 7.1-1 | 10.00 | 43.00 | 53.00 | NOTE | |
r-oldrel-macos-arm64 | 7.1-1 | 32.00 | NOTE | |||
r-oldrel-windows-x86_64 | 7.1-1 | 17.00 | 53.00 | 70.00 | NOTE |
Version: 7.1-1
Check: installed package size
Result: NOTE
installed size is 7.3Mb
sub-directories of 1Mb or more:
data 7.2Mb
Flavors: r-devel-linux-x86_64-fedora-clang, r-prerel-macos-arm64, r-prerel-windows-x86_64, r-release-macos-arm64, r-release-macos-x86_64, r-release-windows-x86_64, r-oldrel-macos-arm64, r-oldrel-windows-x86_64