CRAN Package Check Results for Package qGaussian

Last updated on 2021-07-29 09:53:37 CEST.

Flavor Version Tinstall Tcheck Ttotal Status Flags
r-devel-linux-x86_64-debian-clang 0.1.8 NOTE
r-devel-linux-x86_64-debian-gcc 0.1.8 11.31 28.02 39.33 NOTE
r-devel-linux-x86_64-fedora-clang 0.1.8 82.32 NOTE
r-devel-linux-x86_64-fedora-gcc 0.1.8 65.62 NOTE
r-devel-windows-x86_64 0.1.8 17.00 63.00 80.00 NOTE
r-devel-windows-x86_64-gcc10-UCRT 0.1.8 NOTE
r-patched-linux-x86_64 0.1.8 14.40 35.28 49.68 NOTE
r-patched-solaris-x86 0.1.8 85.40 NOTE
r-release-linux-x86_64 0.1.8 14.75 36.25 51.00 NOTE
r-release-macos-arm64 0.1.8 NOTE
r-release-macos-x86_64 0.1.8 NOTE
r-release-windows-ix86+x86_64 0.1.8 44.00 63.00 107.00 NOTE
r-oldrel-macos-x86_64 0.1.8 OK
r-oldrel-windows-ix86+x86_64 0.1.8 38.00 82.00 120.00 OK

Check Details

Version: 0.1.8
Check: LazyData
Result: NOTE
     'LazyData' is specified without a 'data' directory
Flavors: r-devel-linux-x86_64-debian-clang, r-devel-linux-x86_64-debian-gcc, r-devel-linux-x86_64-fedora-clang, r-devel-linux-x86_64-fedora-gcc, r-devel-windows-x86_64, r-devel-windows-x86_64-gcc10-UCRT, r-patched-linux-x86_64, r-patched-solaris-x86, r-release-linux-x86_64, r-release-macos-arm64, r-release-macos-x86_64, r-release-windows-ix86+x86_64