CRAN Package Check Results for Package qgisprocess

Last updated on 2024-04-22 08:51:35 CEST.

Flavor Version Tinstall Tcheck Ttotal Status Flags
r-devel-linux-x86_64-debian-clang 0.3.0 7.15 100.86 108.01 NOTE
r-devel-linux-x86_64-debian-gcc 0.3.0 4.75 71.66 76.41 NOTE
r-devel-linux-x86_64-fedora-clang 0.3.0 130.55 NOTE
r-devel-linux-x86_64-fedora-gcc 0.3.0 136.52 NOTE
r-prerel-macos-arm64 0.3.0 47.00 NOTE
r-prerel-macos-x86_64 0.3.0 122.00 NOTE
r-prerel-windows-x86_64 0.3.0 9.00 95.00 104.00 NOTE
r-patched-linux-x86_64 0.3.0 9.01 94.01 103.02 NOTE
r-release-linux-x86_64 0.3.0 5.78 91.08 96.86 NOTE
r-release-macos-arm64 0.3.0 53.00 NOTE
r-release-macos-x86_64 0.3.0 100.00 NOTE
r-release-windows-x86_64 0.3.0 9.00 111.00 120.00 NOTE
r-oldrel-macos-arm64 0.3.0 54.00 NOTE
r-oldrel-windows-x86_64 0.3.0 10.00 116.00 126.00 NOTE

Check Details

Version: 0.3.0
Check: package dependencies
Result: NOTE Package suggested but not available for checking: ‘spDataLarge’ Flavors: r-devel-linux-x86_64-debian-clang, r-devel-linux-x86_64-debian-gcc, r-devel-linux-x86_64-fedora-clang, r-devel-linux-x86_64-fedora-gcc, r-prerel-macos-arm64, r-prerel-macos-x86_64, r-prerel-windows-x86_64, r-patched-linux-x86_64, r-release-linux-x86_64, r-release-macos-arm64, r-release-macos-x86_64, r-release-windows-x86_64, r-oldrel-macos-arm64, r-oldrel-windows-x86_64