CRAN Package Check Results for Package qgtools

Last updated on 2024-03-05 07:56:32 CET.

Flavor Version Tinstall Tcheck Ttotal Status Flags
r-devel-linux-x86_64-debian-clang 2.0 13.47 112.15 125.62 NOTE
r-devel-linux-x86_64-debian-gcc 2.0 9.70 92.61 102.31 NOTE
r-devel-linux-x86_64-fedora-clang 2.0 147.67 NOTE
r-devel-linux-x86_64-fedora-gcc 2.0 155.06 NOTE
r-devel-windows-x86_64 2.0 11.00 110.00 121.00 NOTE
r-patched-linux-x86_64 2.0 14.82 115.95 130.77 OK
r-release-linux-x86_64 2.0 13.57 114.64 128.21 OK
r-release-macos-arm64 2.0 54.00 OK
r-release-macos-x86_64 2.0 81.00 OK
r-release-windows-x86_64 2.0 13.00 131.00 144.00 OK
r-oldrel-macos-arm64 2.0 45.00 OK
r-oldrel-windows-x86_64 2.0 22.00 144.00 166.00 OK

Check Details

Version: 2.0
Check: Rd contents
Result: NOTE Argument items with no description in Rd file 'ad.simudata.Rd': ‘SimuNum’ Flavors: r-devel-linux-x86_64-debian-clang, r-devel-linux-x86_64-debian-gcc, r-devel-linux-x86_64-fedora-clang, r-devel-linux-x86_64-fedora-gcc, r-devel-windows-x86_64