Last updated on 2024-07-27 08:49:28 CEST.
Flavor | Version | Tinstall | Tcheck | Ttotal | Status | Flags |
---|---|---|---|---|---|---|
r-devel-linux-x86_64-debian-clang | 0.9.8 | 9.97 | 167.60 | 177.57 | OK | |
r-devel-linux-x86_64-debian-gcc | 0.9.8 | NOTE | ||||
r-devel-linux-x86_64-fedora-clang | 0.9.8 | 227.76 | NOTE | |||
r-devel-linux-x86_64-fedora-gcc | 0.9.8 | 228.43 | NOTE | |||
r-devel-windows-x86_64 | 0.9.8 | 9.00 | 155.00 | 164.00 | NOTE | |
r-patched-linux-x86_64 | 0.9.8 | OK | ||||
r-release-linux-x86_64 | 0.9.8 | 9.98 | 162.20 | 172.18 | OK | |
r-release-macos-arm64 | 0.9.8 | 79.00 | OK | |||
r-release-macos-x86_64 | 0.9.8 | 115.00 | OK | |||
r-release-windows-x86_64 | 0.9.8 | 9.00 | 158.00 | 167.00 | OK | |
r-oldrel-macos-arm64 | 0.9.8 | 76.00 | OK | |||
r-oldrel-macos-x86_64 | 0.9.8 | 221.00 | OK | |||
r-oldrel-windows-x86_64 | 0.9.8 | 8.00 | 188.00 | 196.00 | OK |
Version: 0.9.8
Check: Rd cross-references
Result: NOTE
Found the following Rd file(s) with Rd \link{} targets missing package
anchors:
array.Rd: simple_sparse_array
rKhatriRao.Rd: KhatriRao
Please provide package anchors for all Rd \link{} targets not in the
package itself and the base packages.
Flavors: r-devel-linux-x86_64-debian-gcc, r-devel-windows-x86_64
Version: 0.9.8
Check: data for non-ASCII characters
Result: NOTE
Note: found 76102 marked UTF-8 strings
Flavors: r-devel-linux-x86_64-fedora-clang, r-devel-linux-x86_64-fedora-gcc