CRAN Package Check Results for Package qmix

Last updated on 2021-07-25 08:51:07 CEST.

Flavor Version Tinstall Tcheck Ttotal Status Flags
r-devel-linux-x86_64-debian-clang 0.1.2.0 665.54 116.60 782.14 NOTE
r-devel-linux-x86_64-debian-gcc 0.1.2.0 579.37 116.68 696.05 NOTE
r-devel-linux-x86_64-fedora-clang 0.1.2.0 1106.16 NOTE
r-devel-linux-x86_64-fedora-gcc 0.1.2.0 1211.15 NOTE
r-devel-windows-x86_64 0.1.2.0 531.00 139.00 670.00 NOTE
r-devel-windows-x86_64-gcc10-UCRT 0.1.2.0 WARN
r-patched-linux-x86_64 0.1.2.0 639.04 144.28 783.32 NOTE
r-patched-solaris-x86 0.1.2.0 1026.60 NOTE
r-release-linux-x86_64 0.1.2.0 642.35 142.75 785.10 NOTE
r-release-macos-arm64 0.1.2.0 NOTE
r-release-macos-x86_64 0.1.2.0 NOTE
r-release-windows-ix86+x86_64 0.1.2.0 1424.00 210.00 1634.00 NOTE
r-oldrel-macos-x86_64 0.1.2.0 NOTE
r-oldrel-windows-ix86+x86_64 0.1.2.0 1459.00 281.00 1740.00 NOTE

Check Details

Version: 0.1.2.0
Check: LazyData
Result: NOTE
     'LazyData' is specified without a 'data' directory
Flavors: r-devel-linux-x86_64-debian-clang, r-devel-linux-x86_64-debian-gcc, r-devel-linux-x86_64-fedora-clang, r-devel-linux-x86_64-fedora-gcc, r-devel-windows-x86_64, r-devel-windows-x86_64-gcc10-UCRT, r-patched-linux-x86_64, r-patched-solaris-x86, r-release-linux-x86_64, r-release-macos-arm64, r-release-macos-x86_64, r-release-windows-ix86+x86_64

Version: 0.1.2.0
Check: for GNU extensions in Makefiles
Result: NOTE
    GNU make is a SystemRequirements.
Flavors: r-devel-linux-x86_64-debian-clang, r-devel-linux-x86_64-debian-gcc, r-devel-linux-x86_64-fedora-clang, r-devel-linux-x86_64-fedora-gcc, r-devel-windows-x86_64, r-devel-windows-x86_64-gcc10-UCRT, r-patched-linux-x86_64, r-patched-solaris-x86, r-release-linux-x86_64, r-release-macos-arm64, r-release-macos-x86_64, r-release-windows-ix86+x86_64, r-oldrel-macos-x86_64, r-oldrel-windows-ix86+x86_64

Version: 0.1.2.0
Check: installed package size
Result: NOTE
     installed size is 86.1Mb
     sub-directories of 1Mb or more:
     libs 85.8Mb
Flavors: r-devel-linux-x86_64-fedora-clang, r-patched-solaris-x86, r-release-macos-arm64, r-release-macos-x86_64, r-release-windows-ix86+x86_64, r-oldrel-macos-x86_64, r-oldrel-windows-ix86+x86_64

Version: 0.1.2.0
Check: line endings in C/C++/Fortran sources/headers
Result: NOTE
    Found the following sources/headers with CR or CRLF line endings:
     src/RcppExports.cpp
     src/stanExports_qmixbf.h
     src/stanExports_qmixbfv.h
     src/stanExports_qmixbr.h
     src/stanExports_qmixbrv.h
     src/stanExports_qmixcf.h
     src/stanExports_qmixcr.h
    Some Unix compilers require LF line endings.
Flavor: r-devel-windows-x86_64-gcc10-UCRT

Version: 0.1.2.0
Check: line endings in Makefiles
Result: WARN
    Found the following Makefile(s) with CR or CRLF line endings:
     src/Makevars
    Some Unix 'make' programs require LF line endings.
Flavor: r-devel-windows-x86_64-gcc10-UCRT