Last updated on 2024-04-19 08:54:51 CEST.
Flavor | Version | Tinstall | Tcheck | Ttotal | Status | Flags |
---|---|---|---|---|---|---|
r-devel-linux-x86_64-debian-clang | 2.2 | 16.29 | 117.76 | 134.05 | OK | |
r-devel-linux-x86_64-debian-gcc | 2.2 | OK | ||||
r-devel-linux-x86_64-fedora-clang | 2.2 | 166.35 | NOTE | |||
r-devel-linux-x86_64-fedora-gcc | 2.2 | 159.85 | OK | |||
r-prerel-macos-arm64 | 2.2 | 75.00 | OK | |||
r-prerel-windows-x86_64 | 2.2 | 10.00 | 87.00 | 97.00 | OK | |
r-patched-linux-x86_64 | 2.2 | 16.20 | 114.59 | 130.79 | OK | |
r-release-linux-x86_64 | 2.2 | 14.38 | 101.56 | 115.94 | OK | |
r-release-macos-arm64 | 2.2 | 48.00 | OK | |||
r-release-macos-x86_64 | 2.2 | 86.00 | OK | |||
r-release-windows-x86_64 | 2.2 | 14.00 | 101.00 | 115.00 | OK | |
r-oldrel-macos-arm64 | 2.2 | 81.00 | OK | |||
r-oldrel-windows-x86_64 | 2.2 | 14.00 | 105.00 | 119.00 | OK |
Version: 2.2
Check: Rd cross-references
Result: NOTE
Undeclared package ‘qrNLMM’ in Rd xrefs
Flavor: r-devel-linux-x86_64-fedora-clang