CRAN Package Check Results for Package qrLMM

Last updated on 2021-07-25 08:51:07 CEST.

Flavor Version Tinstall Tcheck Ttotal Status Flags
r-devel-linux-x86_64-debian-clang 2.1 11.74 92.67 104.41 OK
r-devel-linux-x86_64-debian-gcc 2.1 9.80 75.28 85.08 OK
r-devel-linux-x86_64-fedora-clang 2.1 138.48 NOTE
r-devel-linux-x86_64-fedora-gcc 2.1 127.99 OK
r-devel-windows-x86_64 2.1 13.00 82.00 95.00 OK
r-devel-windows-x86_64-gcc10-UCRT 2.1 OK
r-patched-linux-x86_64 2.1 11.19 90.86 102.05 OK
r-patched-solaris-x86 2.1 202.50 OK
r-release-linux-x86_64 2.1 12.20 91.43 103.63 OK
r-release-macos-arm64 2.1 OK
r-release-macos-x86_64 2.1 OK
r-release-windows-ix86+x86_64 2.1 23.00 78.00 101.00 OK
r-oldrel-macos-x86_64 2.1 OK
r-oldrel-windows-ix86+x86_64 2.1 25.00 108.00 133.00 OK

Check Details

Version: 2.1
Check: Rd cross-references
Result: NOTE
    Undeclared package ‘qrNLMM’ in Rd xrefs
Flavor: r-devel-linux-x86_64-fedora-clang