Last updated on 2024-04-26 08:55:09 CEST.
Flavor | Version | Tinstall | Tcheck | Ttotal | Status | Flags |
---|---|---|---|---|---|---|
r-devel-linux-x86_64-debian-clang | 0.2.3 | 4.95 | 54.51 | 59.46 | OK | |
r-devel-linux-x86_64-debian-gcc | 0.2.3 | 4.57 | 41.26 | 45.83 | OK | |
r-devel-linux-x86_64-fedora-clang | 0.2.3 | 76.94 | NOTE | |||
r-devel-linux-x86_64-fedora-gcc | 0.2.3 | 84.64 | NOTE | |||
r-devel-windows-x86_64 | 0.2.3 | 6.00 | 62.00 | 68.00 | OK | |
r-patched-linux-x86_64 | 0.2.3 | 3.34 | 51.46 | 54.80 | OK | |
r-release-linux-x86_64 | 0.2.3 | 3.24 | 50.72 | 53.96 | OK | |
r-release-macos-arm64 | 0.2.3 | 33.00 | OK | |||
r-release-windows-x86_64 | 0.2.3 | 6.00 | 60.00 | 66.00 | OK | |
r-oldrel-macos-arm64 | 0.2.3 | 33.00 | OK | |||
r-oldrel-macos-x86_64 | 0.2.3 | 47.00 | OK | |||
r-oldrel-windows-x86_64 | 0.2.3 | 8.00 | 66.00 | 74.00 | OK |
Version: 0.2.3
Check: data for non-ASCII characters
Result: NOTE
Note: found 6 marked UTF-8 strings
Flavors: r-devel-linux-x86_64-fedora-clang, r-devel-linux-x86_64-fedora-gcc