Last updated on 2024-03-12 07:50:04 CET.
Flavor | Version | Tinstall | Tcheck | Ttotal | Status | Flags |
---|---|---|---|---|---|---|
r-devel-linux-x86_64-debian-clang | 1.66 | 91.41 | 424.98 | 516.39 | OK | |
r-devel-linux-x86_64-debian-gcc | 1.66 | 76.27 | 302.40 | 378.67 | OK | |
r-devel-linux-x86_64-fedora-clang | 1.66 | 625.49 | NOTE | |||
r-devel-linux-x86_64-fedora-gcc | 1.66 | 626.95 | OK | |||
r-devel-windows-x86_64 | 1.66 | 97.00 | 356.00 | 453.00 | NOTE | |
r-patched-linux-x86_64 | 1.66 | 93.68 | 418.10 | 511.78 | OK | |
r-release-linux-x86_64 | 1.66 | 86.05 | 401.50 | 487.55 | OK | |
r-release-macos-arm64 | 1.66 | 154.00 | NOTE | |||
r-release-macos-x86_64 | 1.66 | 505.00 | NOTE | |||
r-release-windows-x86_64 | 1.66 | 97.00 | 402.00 | 499.00 | NOTE | |
r-oldrel-macos-arm64 | 1.66 | 160.00 | NOTE | |||
r-oldrel-windows-x86_64 | 1.66 | 119.00 | 395.00 | 514.00 | NOTE |
Version: 1.66
Check: installed package size
Result: NOTE
installed size is 10.6Mb
sub-directories of 1Mb or more:
R 1.7Mb
contrib 3.8Mb
doc 3.0Mb
Flavors: r-devel-linux-x86_64-fedora-clang, r-devel-windows-x86_64, r-release-macos-arm64, r-release-macos-x86_64, r-release-windows-x86_64, r-oldrel-macos-arm64, r-oldrel-windows-x86_64