Last updated on 2024-04-23 08:58:12 CEST.
Flavor | Version | Tinstall | Tcheck | Ttotal | Status | Flags |
---|---|---|---|---|---|---|
r-devel-linux-x86_64-debian-clang | 0.34 | 986.90 | 273.49 | 1260.39 | OK | |
r-devel-linux-x86_64-debian-gcc | 0.34 | 741.36 | 197.30 | 938.66 | OK | |
r-devel-linux-x86_64-fedora-clang | 0.34 | 1806.20 | NOTE | |||
r-devel-linux-x86_64-fedora-gcc | 0.34 | 1797.07 | OK | |||
r-prerel-macos-arm64 | 0.34 | 278.00 | NOTE | |||
r-prerel-windows-x86_64 | 0.34 | 720.00 | 267.00 | 987.00 | NOTE | |
r-patched-linux-x86_64 | 0.34 | 976.53 | 262.44 | 1238.97 | OK | |
r-release-linux-x86_64 | 0.34 | 950.47 | 265.50 | 1215.97 | OK | |
r-release-macos-arm64 | 0.34 | 284.00 | NOTE | |||
r-release-macos-x86_64 | 0.34 | 317.00 | NOTE | |||
r-release-windows-x86_64 | 0.34 | 878.00 | 324.00 | 1202.00 | NOTE | |
r-oldrel-macos-arm64 | 0.34 | 278.00 | NOTE | |||
r-oldrel-windows-x86_64 | 0.34 | 836.00 | 286.00 | 1122.00 | NOTE |
Version: 0.34
Check: installed package size
Result: NOTE
installed size is 6.4Mb
sub-directories of 1Mb or more:
extdata 3.3Mb
libs 1.7Mb
Flavors: r-devel-linux-x86_64-fedora-clang, r-prerel-macos-arm64, r-prerel-windows-x86_64, r-release-macos-arm64, r-release-macos-x86_64, r-release-windows-x86_64, r-oldrel-macos-arm64, r-oldrel-windows-x86_64