Last updated on 2024-03-12 07:50:04 CET.
Flavor | Version | Tinstall | Tcheck | Ttotal | Status | Flags |
---|---|---|---|---|---|---|
r-devel-linux-x86_64-debian-clang | 0.2-11 | 122.88 | 182.99 | 305.87 | OK | |
r-devel-linux-x86_64-debian-gcc | 0.2-11 | 103.12 | 134.79 | 237.91 | OK | |
r-devel-linux-x86_64-fedora-clang | 0.2-11 | 424.47 | OK | |||
r-devel-linux-x86_64-fedora-gcc | 0.2-11 | 427.83 | OK | |||
r-devel-windows-x86_64 | 0.2-11 | 101.00 | 186.00 | 287.00 | OK | |
r-patched-linux-x86_64 | 0.2-11 | 135.97 | 182.53 | 318.50 | OK | |
r-release-linux-x86_64 | 0.2-11 | 119.91 | 183.98 | 303.89 | OK | |
r-release-macos-arm64 | 0.2-11 | 128.00 | NOTE | |||
r-release-macos-x86_64 | 0.2-11 | 210.00 | NOTE | |||
r-release-windows-x86_64 | 0.2-11 | 128.00 | 208.00 | 336.00 | OK | |
r-oldrel-macos-arm64 | 0.2-11 | 102.00 | NOTE | |||
r-oldrel-windows-x86_64 | 0.2-11 | 120.00 | 194.00 | 314.00 | OK |
Version: 0.2-11
Check: installed package size
Result: NOTE
installed size is 7.9Mb
sub-directories of 1Mb or more:
libs 7.4Mb
Flavors: r-release-macos-arm64, r-release-macos-x86_64, r-oldrel-macos-arm64