CRAN Package Check Results for Package quanteda.textmodels

Last updated on 2021-05-14 09:51:03 CEST.

Flavor Version Tinstall Tcheck Ttotal Status Flags
r-devel-linux-x86_64-debian-clang 0.9.4 129.27 253.33 382.60 OK
r-devel-linux-x86_64-debian-gcc 0.9.4 91.72 200.94 292.66 OK
r-devel-linux-x86_64-fedora-clang 0.9.4 518.40 NOTE
r-devel-linux-x86_64-fedora-gcc 0.9.4 540.26 NOTE
r-devel-windows-ix86+x86_64 0.9.4 307.00 431.00 738.00 NOTE
r-devel-windows-x86_64-gcc10-UCRT 0.9.4 NOTE
r-patched-linux-x86_64 0.9.4 109.83 247.15 356.98 OK
r-patched-solaris-x86 0.9.4 947.40 NOTE
r-release-linux-x86_64 0.9.4 103.33 245.60 348.93 OK
r-release-macos-x86_64 0.9.4 NOTE
r-release-windows-ix86+x86_64 0.9.4 227.00 449.00 676.00 NOTE
r-oldrel-macos-x86_64 0.9.4 NOTE
r-oldrel-windows-ix86+x86_64 0.9.4 116.00 7.00 123.00 ERROR

Check Details

Version: 0.9.4
Check: installed package size
Result: NOTE
     installed size is 10.4Mb
     sub-directories of 1Mb or more:
     data 3.8Mb
     libs 6.2Mb
Flavors: r-devel-linux-x86_64-fedora-clang, r-devel-windows-ix86+x86_64, r-patched-solaris-x86, r-release-macos-x86_64, r-release-windows-ix86+x86_64, r-oldrel-macos-x86_64

Version: 0.9.4
Check: data for non-ASCII characters
Result: NOTE
     Note: found 35707 marked UTF-8 strings
Flavors: r-devel-linux-x86_64-fedora-clang, r-devel-linux-x86_64-fedora-gcc, r-devel-windows-x86_64-gcc10-UCRT, r-patched-solaris-x86, r-release-macos-x86_64, r-oldrel-macos-x86_64

Version: 0.9.4
Check: whether package can be installed
Result: ERROR
    Installation failed.
Flavor: r-oldrel-windows-ix86+x86_64