CRAN Package Check Results for Package quantoptr

Last updated on 2021-05-09 08:50:28 CEST.

Flavor Version Tinstall Tcheck Ttotal Status Flags
r-devel-linux-x86_64-debian-clang 0.1.3 7.26 88.27 95.53 NOTE
r-devel-linux-x86_64-debian-gcc 0.1.3 7.96 67.37 75.33 NOTE
r-devel-linux-x86_64-fedora-clang 0.1.3 126.96 NOTE
r-devel-linux-x86_64-fedora-gcc 0.1.3 119.39 NOTE
r-devel-windows-ix86+x86_64 0.1.3 16.00 115.00 131.00 NOTE
r-devel-windows-x86_64-gcc10-UCRT 0.1.3 NOTE
r-patched-linux-x86_64 0.1.3 9.84 85.20 95.04 NOTE
r-patched-solaris-x86 0.1.3 185.00 OK
r-release-linux-x86_64 0.1.3 10.06 81.67 91.73 OK
r-release-macos-x86_64 0.1.3 OK
r-release-windows-ix86+x86_64 0.1.3 16.00 86.00 102.00 OK
r-oldrel-macos-x86_64 0.1.3 OK
r-oldrel-windows-ix86+x86_64 0.1.3 19.00 102.00 121.00 OK

Check Details

Version: 0.1.3
Check: LazyData
Result: NOTE
     'LazyData' is specified without a 'data' directory
Flavors: r-devel-linux-x86_64-debian-clang, r-devel-linux-x86_64-debian-gcc, r-devel-linux-x86_64-fedora-clang, r-devel-linux-x86_64-fedora-gcc, r-devel-windows-ix86+x86_64, r-devel-windows-x86_64-gcc10-UCRT, r-patched-linux-x86_64