CRAN Package Check Results for Package questionr

Last updated on 2021-05-10 08:49:22 CEST.

Flavor Version Tinstall Tcheck Ttotal Status Flags
r-devel-linux-x86_64-debian-clang 0.7.4 8.77 81.47 90.24 OK
r-devel-linux-x86_64-debian-gcc 0.7.4 7.41 61.85 69.26 OK
r-devel-linux-x86_64-fedora-clang 0.7.4 116.96 NOTE
r-devel-linux-x86_64-fedora-gcc 0.7.4 105.11 NOTE
r-devel-windows-ix86+x86_64 0.7.4 21.00 118.00 139.00 OK
r-devel-windows-x86_64-gcc10-UCRT 0.7.4 NOTE
r-patched-linux-x86_64 0.7.4 8.35 77.81 86.16 OK
r-patched-solaris-x86 0.7.4 152.30 NOTE
r-release-linux-x86_64 0.7.4 9.50 76.98 86.48 OK
r-release-macos-x86_64 0.7.4 NOTE
r-release-windows-ix86+x86_64 0.7.4 23.00 96.00 119.00 OK
r-oldrel-macos-x86_64 0.7.4 ERROR
r-oldrel-windows-ix86+x86_64 0.7.4 17.00 106.00 123.00 ERROR

Check Details

Version: 0.7.4
Check: data for non-ASCII characters
Result: NOTE
     Note: found 4145 marked UTF-8 strings
Flavors: r-devel-linux-x86_64-fedora-clang, r-devel-linux-x86_64-fedora-gcc, r-devel-windows-x86_64-gcc10-UCRT, r-patched-solaris-x86, r-release-macos-x86_64, r-oldrel-macos-x86_64

Version: 0.7.4
Check: tests
Result: ERROR
     Running ‘testthat.R’ [4s/4s]
    Running the tests in ‘tests/testthat.R’ failed.
    Last 13 lines of output:
     >
     > test_check("questionr")
     ══ Failed tests ════════════════════════════════════════════════════════════════
     ── Failure (test_weighting.R:42:3): Cross wtd.table is correct ─────────────────
     `tab` not equal to structure(...).
     Attributes: < Component "dim": Mean relative difference: 0.3333333 >
     Numeric: lengths (6, 4) differ
     ── Failure (test_weighting.R:45:3): Cross wtd.table is correct ─────────────────
     `tab` not equal to structure(...).
     Attributes: < Component "dim": Mean relative difference: 0.3333333 >
     Numeric: lengths (6, 4) differ
    
     [ FAIL 2 | WARN 0 | SKIP 0 | PASS 60 ]
     Error: Test failures
     Execution halted
Flavor: r-oldrel-macos-x86_64

Version: 0.7.4
Check: tests
Result: ERROR
     Running 'testthat.R' [6s]
    Running the tests in 'tests/testthat.R' failed.
    Complete output:
     > library(testthat)
     > library(questionr)
    
     Attaching package: 'questionr'
    
     The following object is masked from 'package:testthat':
    
     describe
    
     >
     > test_check("questionr")
     == Failed tests ================================================================
     -- Failure (test_weighting.R:42:3): Cross wtd.table is correct -----------------
     `tab` not equal to structure(...).
     Attributes: < Component "dim": Mean relative difference: 0.3333333 >
     Numeric: lengths (6, 4) differ
     -- Failure (test_weighting.R:45:3): Cross wtd.table is correct -----------------
     `tab` not equal to structure(...).
     Attributes: < Component "dim": Mean relative difference: 0.3333333 >
     Numeric: lengths (6, 4) differ
    
     [ FAIL 2 | WARN 0 | SKIP 0 | PASS 60 ]
     Error: Test failures
     Execution halted
Flavor: r-oldrel-windows-ix86+x86_64