CRAN Package Check Results for Package quickReg

Last updated on 2024-04-24 07:57:50 CEST.

Flavor Version Tinstall Tcheck Ttotal Status Flags
r-devel-linux-x86_64-debian-clang 1.5.0 4.75 89.17 93.92 NOTE
r-devel-linux-x86_64-debian-gcc 1.5.0 5.60 66.95 72.55 NOTE
r-devel-linux-x86_64-fedora-clang 1.5.0 122.67 NOTE
r-devel-linux-x86_64-fedora-gcc 1.5.0 129.41 NOTE
r-prerel-macos-arm64 1.5.0 43.00 NOTE
r-prerel-windows-x86_64 1.5.0 7.00 82.00 89.00 NOTE
r-patched-linux-x86_64 1.5.0 6.84 85.97 92.81 NOTE
r-release-linux-x86_64 1.5.0 5.90 84.55 90.45 OK
r-release-macos-arm64 1.5.0 43.00 OK
r-release-macos-x86_64 1.5.0 69.00 OK
r-release-windows-x86_64 1.5.0 9.00 92.00 101.00 OK
r-oldrel-macos-arm64 1.5.0 37.00 NOTE
r-oldrel-windows-x86_64 1.5.0 9.00 97.00 106.00 OK

Check Details

Version: 1.5.0
Check: Rd files
Result: NOTE checkRd: (-1) display_table.Rd:37: Lost braces; missing escapes or markup? 37 | \item{normtest}{A character indicating test of normality, the default method is \code{\link{shapiro.test}} when sample size no more than 5000, otherwise \code{\link[nortest]{lillie.test}} {Kolmogorov-Smirnov} is used, see package \strong{nortest} for more methods.Use 'shapiro.test', 'lillie.test', 'ad.test', etc to specify methods.} | ^ Flavors: r-devel-linux-x86_64-debian-clang, r-devel-linux-x86_64-debian-gcc, r-devel-linux-x86_64-fedora-clang, r-devel-linux-x86_64-fedora-gcc, r-prerel-macos-arm64, r-prerel-windows-x86_64, r-patched-linux-x86_64

Version: 1.5.0
Check: dependencies in R code
Result: NOTE Namespace in Imports field not imported from: ‘psych’ All declared Imports should be used. Flavors: r-devel-linux-x86_64-fedora-clang, r-devel-linux-x86_64-fedora-gcc, r-oldrel-macos-arm64

Version: 1.5.0
Check: Rd cross-references
Result: NOTE Undeclared package ‘PredictABEL’ in Rd xrefs Flavor: r-devel-linux-x86_64-fedora-clang