Last updated on 2024-03-12 07:50:04 CET.
Flavor | Version | Tinstall | Tcheck | Ttotal | Status | Flags |
---|---|---|---|---|---|---|
r-devel-linux-x86_64-debian-clang | 0.3.7 | 10.17 | 113.34 | 123.51 | NOTE | |
r-devel-linux-x86_64-debian-gcc | 0.3.7 | 10.44 | 88.47 | 98.91 | NOTE | |
r-devel-linux-x86_64-fedora-clang | 0.3.7 | 169.92 | NOTE | |||
r-devel-linux-x86_64-fedora-gcc | 0.3.7 | 153.71 | NOTE | |||
r-devel-windows-x86_64 | 0.3.7 | 12.00 | 101.00 | 113.00 | NOTE | |
r-patched-linux-x86_64 | 0.3.7 | 11.93 | 114.91 | 126.84 | NOTE | |
r-release-linux-x86_64 | 0.3.7 | 8.97 | 113.71 | 122.68 | NOTE | |
r-release-macos-arm64 | 0.3.7 | 51.00 | NOTE | |||
r-release-macos-x86_64 | 0.3.7 | 108.00 | NOTE | |||
r-release-windows-x86_64 | 0.3.7 | 16.00 | 114.00 | 130.00 | NOTE | |
r-oldrel-macos-arm64 | 0.3.7 | 58.00 | NOTE | |||
r-oldrel-windows-x86_64 | 0.3.7 | 15.00 | 121.00 | 136.00 | NOTE |
Version: 0.3.7
Check: package dependencies
Result: NOTE
Package suggested but not available for checking: ‘bootmlm’
Flavors: r-devel-linux-x86_64-debian-clang, r-devel-linux-x86_64-debian-gcc, r-devel-linux-x86_64-fedora-clang, r-devel-linux-x86_64-fedora-gcc, r-devel-windows-x86_64, r-patched-linux-x86_64, r-release-linux-x86_64, r-release-macos-arm64, r-release-macos-x86_64, r-release-windows-x86_64, r-oldrel-macos-arm64, r-oldrel-windows-x86_64