CRAN Package Check Results for Package r511

Last updated on 2021-01-20 07:49:23 CET.

Flavor Version Tinstall Tcheck Ttotal Status Flags
r-devel-linux-x86_64-debian-clang 0.1.1 2.75 31.84 34.59 NOTE
r-devel-linux-x86_64-debian-gcc 0.1.1 2.28 25.76 28.04 NOTE
r-devel-linux-x86_64-fedora-clang 0.1.1 52.23 NOTE
r-devel-linux-x86_64-fedora-gcc 0.1.1 42.49 NOTE
r-devel-windows-ix86+x86_64 0.1.1 6.00 41.00 47.00 NOTE
r-patched-linux-x86_64 0.1.1 2.92 31.27 34.19 NOTE
r-patched-solaris-x86 0.1.1 65.60 NOTE
r-release-linux-x86_64 0.1.1 2.98 31.39 34.37 NOTE
r-release-macos-x86_64 0.1.1 NOTE
r-release-windows-ix86+x86_64 0.1.1 6.00 41.00 47.00 NOTE
r-oldrel-macos-x86_64 0.1.1 NOTE
r-oldrel-windows-ix86+x86_64 0.1.1 4.00 36.00 40.00 OK

Check Details

Version: 0.1.1
Check: package vignettes
Result: NOTE
    Package vignette with placeholder title 'Vignette Title':
     'r511-intro.Rmd'
Flavors: r-devel-linux-x86_64-debian-clang, r-devel-linux-x86_64-debian-gcc, r-devel-windows-ix86+x86_64, r-patched-linux-x86_64, r-release-linux-x86_64, r-release-windows-ix86+x86_64

Version: 0.1.1
Check: dependencies in R code
Result: NOTE
    Namespace in Imports field not imported from: ‘dplyr’
     All declared Imports should be used.
Flavors: r-devel-linux-x86_64-fedora-clang, r-devel-linux-x86_64-fedora-gcc, r-patched-solaris-x86, r-release-macos-x86_64, r-oldrel-macos-x86_64