Last updated on 2024-03-12 07:50:04 CET.
Flavor | Version | Tinstall | Tcheck | Ttotal | Status | Flags |
---|---|---|---|---|---|---|
r-devel-linux-x86_64-debian-clang | 1.0.0 | 43.24 | 41.06 | 84.30 | WARN | |
r-devel-linux-x86_64-debian-gcc | 1.0.0 | 5.81 | 33.15 | 38.96 | OK | |
r-devel-linux-x86_64-fedora-clang | 1.0.0 | 118.09 | OK | |||
r-devel-linux-x86_64-fedora-gcc | 1.0.0 | 71.08 | OK | |||
r-devel-windows-x86_64 | 1.0.0 | 11.00 | 67.00 | 78.00 | OK | |
r-patched-linux-x86_64 | 1.0.0 | 8.95 | 40.76 | 49.71 | OK | |
r-release-linux-x86_64 | 1.0.0 | 7.41 | 40.78 | 48.19 | OK | |
r-release-macos-arm64 | 1.0.0 | 46.00 | OK | |||
r-release-macos-x86_64 | 1.0.0 | 93.00 | OK | |||
r-release-windows-x86_64 | 1.0.0 | 10.00 | 66.00 | 76.00 | OK | |
r-oldrel-macos-arm64 | 1.0.0 | 31.00 | OK | |||
r-oldrel-windows-x86_64 | 1.0.0 | 12.00 | 59.00 | 71.00 | OK |
Version: 1.0.0
Check: whether package can be installed
Result: WARN
Found the following significant warnings:
flang-new: warning: argument unused during compilation: '-Wall' [-Wunused-command-line-argument]
See ‘/home/hornik/tmp/R.check/r-devel-clang/Work/PKGS/rBDAT.Rcheck/00install.out’ for details.
* used C compiler: ‘Debian clang version 18.1.0 (rc4-1)’
* used Fortran compiler: ‘Debian flang-new version 18.1.0 (rc4-1)’
Flavor: r-devel-linux-x86_64-debian-clang