Last updated on 2021-04-10 08:48:27 CEST.
Flavor | Version | Tinstall | Tcheck | Ttotal | Status | Flags |
---|---|---|---|---|---|---|
r-devel-linux-x86_64-debian-clang | 0.1.6 | 3.87 | 42.29 | 46.16 | NOTE | |
r-devel-linux-x86_64-debian-gcc | 0.1.6 | 3.18 | 33.37 | 36.55 | NOTE | |
r-devel-linux-x86_64-fedora-clang | 0.1.6 | 63.41 | NOTE | |||
r-devel-linux-x86_64-fedora-gcc | 0.1.6 | 52.96 | NOTE | |||
r-devel-windows-ix86+x86_64 | 0.1.6 | 9.00 | 46.00 | 55.00 | NOTE | |
r-devel-windows-x86_64-gcc10-UCRT | 0.1.6 | NOTE | ||||
r-patched-linux-x86_64 | 0.1.6 | 3.52 | 41.26 | 44.78 | OK | |
r-patched-solaris-x86 | 0.1.6 | 91.90 | OK | |||
r-release-linux-x86_64 | 0.1.6 | 3.70 | 41.19 | 44.89 | OK | |
r-release-macos-x86_64 | 0.1.6 | OK | ||||
r-release-windows-ix86+x86_64 | 0.1.6 | 8.00 | 60.00 | 68.00 | OK | |
r-oldrel-macos-x86_64 | 0.1.6 | OK | ||||
r-oldrel-windows-ix86+x86_64 | 0.1.6 | 8.00 | 45.00 | 53.00 | OK |
Version: 0.1.6
Check: LazyData
Result: NOTE
'LazyData' is specified without a 'data' directory
Flavors: r-devel-linux-x86_64-debian-clang, r-devel-linux-x86_64-debian-gcc, r-devel-linux-x86_64-fedora-clang, r-devel-linux-x86_64-fedora-gcc, r-devel-windows-ix86+x86_64, r-devel-windows-x86_64-gcc10-UCRT