Last updated on 2024-04-25 08:00:05 CEST.
Flavor | Version | Tinstall | Tcheck | Ttotal | Status | Flags |
---|---|---|---|---|---|---|
r-devel-linux-x86_64-debian-clang | 1.3 | 18.04 | 287.02 | 305.06 | OK | |
r-devel-linux-x86_64-debian-gcc | 1.3 | 16.04 | 206.64 | 222.68 | OK | |
r-devel-linux-x86_64-fedora-clang | 1.3 | 372.97 | NOTE | |||
r-devel-linux-x86_64-fedora-gcc | 1.3 | 350.25 | OK | |||
r-devel-windows-x86_64 | 1.3 | 39.00 | 204.00 | 243.00 | NOTE | |
r-patched-linux-x86_64 | 1.3 | 20.66 | 271.08 | 291.74 | OK | |
r-release-linux-x86_64 | 1.3 | 19.60 | 273.55 | 293.15 | OK | |
r-release-macos-arm64 | 1.3 | 100.00 | NOTE | |||
r-release-macos-x86_64 | 1.3 | 196.00 | NOTE | |||
r-release-windows-x86_64 | 1.3 | 39.00 | 199.00 | 238.00 | NOTE | |
r-oldrel-macos-arm64 | 1.3 | 86.00 | NOTE | |||
r-oldrel-macos-x86_64 | 1.3 | 147.00 | NOTE | |||
r-oldrel-windows-x86_64 | 1.3 | 48.00 | 268.00 | 316.00 | NOTE |
Version: 1.3
Check: installed package size
Result: NOTE
installed size is 24.8Mb
sub-directories of 1Mb or more:
extdata 24.0Mb
Flavors: r-devel-linux-x86_64-fedora-clang, r-devel-windows-x86_64, r-release-macos-arm64, r-release-macos-x86_64, r-release-windows-x86_64, r-oldrel-macos-arm64, r-oldrel-macos-x86_64, r-oldrel-windows-x86_64