Last updated on 2024-04-17 08:57:43 CEST.
Flavor | Version | Tinstall | Tcheck | Ttotal | Status | Flags |
---|---|---|---|---|---|---|
r-devel-linux-x86_64-debian-clang | 1.0.8 | 152.56 | 74.67 | 227.23 | OK | |
r-devel-linux-x86_64-debian-gcc | 1.0.8 | 121.39 | 56.57 | 177.96 | OK | |
r-devel-linux-x86_64-fedora-clang | 1.0.8 | 293.70 | OK | |||
r-devel-linux-x86_64-fedora-gcc | 1.0.8 | 322.97 | OK | |||
r-prerel-macos-arm64 | 1.0.8 | 60.00 | NOTE | |||
r-prerel-windows-x86_64 | 1.0.8 | 114.00 | 94.00 | 208.00 | OK | |
r-patched-linux-x86_64 | 1.0.8 | 159.38 | 75.76 | 235.14 | OK | |
r-release-linux-x86_64 | 1.0.8 | 151.01 | 74.55 | 225.56 | OK | |
r-release-macos-arm64 | 1.0.8 | 67.00 | NOTE | |||
r-release-macos-x86_64 | 1.0.8 | 111.00 | NOTE | |||
r-release-windows-x86_64 | 1.0.8 | 146.00 | 117.00 | 263.00 | OK | |
r-oldrel-macos-arm64 | 1.0.8 | 63.00 | NOTE | |||
r-oldrel-windows-x86_64 | 1.0.8 | 132.00 | 103.00 | 235.00 | OK |
Version: 1.0.8
Check: installed package size
Result: NOTE
installed size is 30.9Mb
sub-directories of 1Mb or more:
libs 29.7Mb
Flavors: r-prerel-macos-arm64, r-release-macos-arm64, r-release-macos-x86_64, r-oldrel-macos-arm64