Last updated on 2025-01-25 07:50:40 CET.
Flavor | Version | Tinstall | Tcheck | Ttotal | Status | Flags |
---|---|---|---|---|---|---|
r-devel-linux-x86_64-debian-clang | 1.4.0 | 111.33 | 56.23 | 167.56 | OK | |
r-devel-linux-x86_64-debian-gcc | 1.4.0 | 79.25 | 43.31 | 122.56 | OK | |
r-devel-linux-x86_64-fedora-clang | 1.4.0 | 316.55 | OK | |||
r-devel-linux-x86_64-fedora-gcc | 1.4.0 | 358.19 | OK | |||
r-devel-windows-x86_64 | 1.3.5 | 116.00 | 96.00 | 212.00 | OK | |
r-patched-linux-x86_64 | 1.4.0 | 118.11 | 59.08 | 177.19 | OK | |
r-release-linux-x86_64 | 1.3.5 | 120.90 | 58.55 | 179.45 | OK | |
r-release-macos-arm64 | 1.3.5 | 68.00 | NOTE | |||
r-release-macos-x86_64 | 1.4.0 | 154.00 | NOTE | |||
r-release-windows-x86_64 | 1.3.5 | 109.00 | 97.00 | 206.00 | OK | |
r-oldrel-macos-arm64 | 1.3.5 | 69.00 | NOTE | |||
r-oldrel-macos-x86_64 | 1.3.5 | 137.00 | NOTE | |||
r-oldrel-windows-x86_64 | 1.4.0 | 105.00 | 119.00 | 224.00 | OK |
Version: 1.3.5
Check: installed package size
Result: NOTE
installed size is 31.3Mb
sub-directories of 1Mb or more:
libs 30.1Mb
Flavors: r-release-macos-arm64, r-oldrel-macos-arm64, r-oldrel-macos-x86_64
Version: 1.4.0
Check: installed package size
Result: NOTE
installed size is 31.8Mb
sub-directories of 1Mb or more:
libs 30.5Mb
Flavor: r-release-macos-x86_64