Last updated on 2024-03-12 07:50:05 CET.
Flavor | Version | Tinstall | Tcheck | Ttotal | Status | Flags |
---|---|---|---|---|---|---|
r-devel-linux-x86_64-debian-clang | 1.2.4 | 7.35 | 200.62 | 207.97 | NOTE | |
r-devel-linux-x86_64-debian-gcc | 1.2.4 | 7.63 | 159.10 | 166.73 | NOTE | |
r-devel-linux-x86_64-fedora-clang | 1.2.4 | 261.29 | NOTE | |||
r-devel-linux-x86_64-fedora-gcc | 1.2.4 | 269.89 | NOTE | |||
r-devel-windows-x86_64 | 1.2.4 | 8.00 | 161.00 | 169.00 | NOTE | |
r-patched-linux-x86_64 | 1.2.4 | 12.70 | 204.58 | 217.28 | OK | |
r-release-linux-x86_64 | 1.2.4 | 6.17 | 203.57 | 209.74 | OK | |
r-release-macos-arm64 | 1.2.4 | 103.00 | OK | |||
r-release-macos-x86_64 | 1.2.4 | 173.00 | OK | |||
r-release-windows-x86_64 | 1.2.4 | 10.00 | 201.00 | 211.00 | OK | |
r-oldrel-macos-arm64 | 1.2.4 | 77.00 | OK | |||
r-oldrel-windows-x86_64 | 1.2.4 | 10.00 | 214.00 | 224.00 | OK |
Version: 1.2.4
Check: Rd files
Result: NOTE
checkRd: (-1) calc_PVEnei.Rd:38: Lost braces in \itemize; \value handles \item{}{} directly
checkRd: (-1) calc_PVEnei.Rd:39: Lost braces in \itemize; \value handles \item{}{} directly
checkRd: (-1) calc_PVEnei.Rd:40: Lost braces in \itemize; \value handles \item{}{} directly
checkRd: (-1) calc_PVEnei.Rd:41: Lost braces in \itemize; \value handles \item{}{} directly
checkRd: (-1) gaston2neiGWAS.Rd:15: Lost braces in \itemize; \value handles \item{}{} directly
checkRd: (-1) gaston2neiGWAS.Rd:16: Lost braces in \itemize; \value handles \item{}{} directly
checkRd: (-1) gaston2neiGWAS.Rd:17: Lost braces in \itemize; \value handles \item{}{} directly
checkRd: (-1) neiGWAS.Rd:44: Lost braces in \itemize; \value handles \item{}{} directly
checkRd: (-1) neiGWAS.Rd:45: Lost braces in \itemize; \value handles \item{}{} directly
checkRd: (-1) neiGWAS.Rd:46: Lost braces in \itemize; \value handles \item{}{} directly
checkRd: (-1) nei_lm.Rd:35: Lost braces in \itemize; \value handles \item{}{} directly
checkRd: (-1) nei_lm.Rd:36: Lost braces in \itemize; \value handles \item{}{} directly
checkRd: (-1) nei_lm.Rd:37: Lost braces in \itemize; \value handles \item{}{} directly
checkRd: (-1) nei_lm.Rd:38: Lost braces in \itemize; \value handles \item{}{} directly
checkRd: (-1) nei_lmm.Rd:35: Lost braces in \itemize; \value handles \item{}{} directly
checkRd: (-1) nei_lmm.Rd:36: Lost braces in \itemize; \value handles \item{}{} directly
checkRd: (-1) nei_lmm.Rd:37: Lost braces in \itemize; \value handles \item{}{} directly
checkRd: (-1) nei_lmm.Rd:38: Lost braces in \itemize; \value handles \item{}{} directly
checkRd: (-1) qtl_pheno_simu.Rd:35: Lost braces in \itemize; \value handles \item{}{} directly
checkRd: (-1) qtl_pheno_simu.Rd:36: Lost braces in \itemize; \value handles \item{}{} directly
checkRd: (-1) qtl_pheno_simu.Rd:37: Lost braces in \itemize; \value handles \item{}{} directly
checkRd: (-1) qtl_pheno_simu.Rd:38: Lost braces in \itemize; \value handles \item{}{} directly
checkRd: (-1) qtl_pheno_simu.Rd:39: Lost braces in \itemize; \value handles \item{}{} directly
checkRd: (-1) qtl_pheno_simu.Rd:40: Lost braces in \itemize; \value handles \item{}{} directly
checkRd: (-1) qtl_pheno_simu.Rd:41: Lost braces in \itemize; \value handles \item{}{} directly
checkRd: (-1) qtl_pheno_simu.Rd:42: Lost braces in \itemize; \value handles \item{}{} directly
Flavors: r-devel-linux-x86_64-debian-clang, r-devel-linux-x86_64-debian-gcc, r-devel-linux-x86_64-fedora-clang, r-devel-linux-x86_64-fedora-gcc, r-devel-windows-x86_64