CRAN Package Check Results for Package rTCRBCRr

Last updated on 2024-06-16 08:56:00 CEST.

Flavor Version Tinstall Tcheck Ttotal Status Flags
r-devel-linux-x86_64-debian-clang 0.1.1 7.61 70.80 78.41 OK
r-devel-linux-x86_64-debian-gcc 0.1.1 5.15 52.52 57.67 OK
r-devel-linux-x86_64-fedora-clang 0.1.1 100.66 NOTE
r-devel-linux-x86_64-fedora-gcc 0.1.1 105.63 NOTE
r-devel-windows-x86_64 0.1.1 10.00 78.00 88.00 OK
r-patched-linux-x86_64 0.1.1 7.75 68.96 76.71 OK
r-release-linux-x86_64 0.1.1 4.11 68.78 72.89 OK
r-release-macos-arm64 0.1.1 42.00 OK
r-release-macos-x86_64 0.1.1 68.00 OK
r-release-windows-x86_64 0.1.1 9.00 82.00 91.00 OK
r-oldrel-macos-arm64 0.1.1 38.00 OK
r-oldrel-macos-x86_64 0.1.1 58.00 OK
r-oldrel-windows-x86_64 0.1.1 12.00 89.00 101.00 OK

Check Details

Version: 0.1.1
Check: dependencies in R code
Result: NOTE Namespace in Imports field not imported from: ‘readr’ All declared Imports should be used. Flavors: r-devel-linux-x86_64-fedora-clang, r-devel-linux-x86_64-fedora-gcc