Last updated on 2024-03-12 07:50:04 CET.
Flavor | Version | Tinstall | Tcheck | Ttotal | Status | Flags |
---|---|---|---|---|---|---|
r-devel-linux-x86_64-debian-clang | 1.2.1 | 88.43 | 146.79 | 235.22 | OK | |
r-devel-linux-x86_64-debian-gcc | 1.2.1 | 69.52 | 111.17 | 180.69 | OK | |
r-devel-linux-x86_64-fedora-clang | 1.2.1 | 325.02 | NOTE | |||
r-devel-linux-x86_64-fedora-gcc | 1.2.1 | 321.27 | NOTE | |||
r-devel-windows-x86_64 | 1.2.1 | 70.00 | 141.00 | 211.00 | OK | |
r-patched-linux-x86_64 | 1.2.1 | 87.47 | 141.75 | 229.22 | OK | |
r-release-linux-x86_64 | 1.2.1 | 84.82 | 144.64 | 229.46 | OK | |
r-release-macos-arm64 | 1.2.1 | 86.00 | OK | |||
r-release-macos-x86_64 | 1.2.1 | 131.00 | OK | |||
r-release-windows-x86_64 | 1.2.1 | 86.00 | 172.00 | 258.00 | OK | |
r-oldrel-macos-arm64 | 1.2.1 | 73.00 | OK | |||
r-oldrel-windows-x86_64 | 1.2.1 | 82.00 | 170.00 | 252.00 | OK |
Version: 1.2.1
Check: dependencies in R code
Result: NOTE
Namespace in Imports field not imported from: ‘comat’
All declared Imports should be used.
Flavors: r-devel-linux-x86_64-fedora-clang, r-devel-linux-x86_64-fedora-gcc