Last updated on 2024-03-12 07:50:04 CET.
Flavor | Version | Tinstall | Tcheck | Ttotal | Status | Flags |
---|---|---|---|---|---|---|
r-devel-linux-x86_64-debian-clang | 1.6.3 | 31.40 | 234.32 | 265.72 | OK | |
r-devel-linux-x86_64-debian-gcc | 1.6.3 | 23.82 | 180.61 | 204.43 | OK | |
r-devel-linux-x86_64-fedora-clang | 1.6.3 | 350.32 | NOTE | |||
r-devel-linux-x86_64-fedora-gcc | 1.6.3 | 326.96 | OK | |||
r-devel-windows-x86_64 | 1.6.3 | 28.00 | 204.00 | 232.00 | OK | |
r-patched-linux-x86_64 | 1.6.3 | 35.59 | 230.44 | 266.03 | OK | |
r-release-linux-x86_64 | 1.6.3 | 25.28 | 233.46 | 258.74 | OK | |
r-release-macos-arm64 | 1.6.3 | 56.00 | OK | |||
r-release-macos-x86_64 | 1.6.3 | 90.00 | OK | |||
r-release-windows-x86_64 | 1.6.3 | 36.00 | 262.00 | 298.00 | OK | |
r-oldrel-macos-arm64 | 1.6.3 | 82.00 | OK | |||
r-oldrel-windows-x86_64 | 1.6.3 | 37.00 | 247.00 | 284.00 | OK |
Version: 1.6.3
Check: package dependencies
Result: NOTE
Imports includes 30 non-default packages.
Importing from so many packages makes the package vulnerable to any of
them becoming unavailable. Move as many as possible to Suggests and
use conditionally.
Flavor: r-devel-linux-x86_64-fedora-clang