CRAN Package Check Results for Package rags2ridges

Last updated on 2021-05-11 08:48:24 CEST.

Flavor Version Tinstall Tcheck Ttotal Status Flags
r-devel-linux-x86_64-debian-clang 2.2.4 66.51 253.73 320.24 OK
r-devel-linux-x86_64-debian-gcc 2.2.4 45.43 183.31 228.74 OK
r-devel-linux-x86_64-fedora-clang 2.2.4 396.79 OK
r-devel-linux-x86_64-fedora-gcc 2.2.4 379.34 OK
r-devel-windows-ix86+x86_64 2.2.4 147.00 464.00 611.00 OK
r-devel-windows-x86_64-gcc10-UCRT 2.2.4 ERROR
r-patched-linux-x86_64 2.2.4 62.07 240.31 302.38 OK
r-patched-solaris-x86 2.2.4 462.90 OK
r-release-linux-x86_64 2.2.4 56.60 234.86 291.46 OK
r-release-macos-x86_64 2.2.4 NOTE
r-release-windows-ix86+x86_64 2.2.4 107.00 376.00 483.00 OK
r-oldrel-macos-x86_64 2.2.4 NOTE
r-oldrel-windows-ix86+x86_64 2.2.4 124.00 437.00 561.00 OK

Check Details

Version: 2.2.4
Check: package dependencies
Result: ERROR
    Package required but not available: 'gRbase'
    
    See section 'The DESCRIPTION file' in the 'Writing R Extensions'
    manual.
Flavor: r-devel-windows-x86_64-gcc10-UCRT

Version: 2.2.4
Check: package dependencies
Result: NOTE
    Package suggested but not available for checking: ‘KEGGgraph’
Flavor: r-release-macos-x86_64

Version: 2.2.4
Check: installed package size
Result: NOTE
     installed size is 6.0Mb
     sub-directories of 1Mb or more:
     libs 4.8Mb
Flavors: r-release-macos-x86_64, r-oldrel-macos-x86_64