CRAN Package Check Results for Package rainette

Last updated on 2024-04-12 08:55:56 CEST.

Flavor Version Tinstall Tcheck Ttotal Status Flags
r-devel-linux-x86_64-debian-clang 0.3.1.1 0.57 2.49 3.06 ERROR
r-devel-linux-x86_64-debian-gcc 0.3.1.1 26.23 144.40 170.63 OK
r-devel-linux-x86_64-fedora-clang 0.3.1.1 316.38 OK
r-devel-linux-x86_64-fedora-gcc 0.3.1.1 309.87 OK
r-devel-windows-x86_64 0.3.1.1 28.00 162.00 190.00 OK
r-patched-linux-x86_64 0.3.1.1 32.28 189.80 222.08 NOTE
r-release-linux-x86_64 0.3.1.1 0.55 2.23 2.78 ERROR
r-release-macos-arm64 0.3.1.1 93.00 OK
r-release-macos-x86_64 0.3.1.1 152.00 NOTE
r-release-windows-x86_64 0.3.1.1 37.00 200.00 237.00 OK
r-oldrel-macos-arm64 0.3.1.1 88.00 OK
r-oldrel-windows-x86_64 0.3.1.1 35.00 205.00 240.00 OK

Check Details

Version: 0.3.1.1
Check: package dependencies
Result: ERROR Package required but not available: ‘quanteda.textstats’ Package suggested but not available for checking: ‘quanteda.textmodels’ See section ‘The DESCRIPTION file’ in the ‘Writing R Extensions’ manual. Flavors: r-devel-linux-x86_64-debian-clang, r-release-linux-x86_64

Version: 0.3.1.1
Check: package dependencies
Result: NOTE Package suggested but not available for checking: ‘quanteda.textmodels’ Flavors: r-patched-linux-x86_64, r-release-macos-x86_64