CRAN Package Check Results for Package ramlegacy

Last updated on 2024-05-22 08:59:39 CEST.

Flavor Version Tinstall Tcheck Ttotal Status Flags
r-devel-linux-x86_64-debian-clang 0.2.0 2.82 36.81 39.63 NOTE
r-devel-linux-x86_64-debian-gcc 0.2.0 1.90 27.77 29.67 NOTE
r-devel-linux-x86_64-fedora-clang 0.2.0 50.95 NOTE
r-devel-linux-x86_64-fedora-gcc 0.2.0 59.78 NOTE
r-devel-windows-x86_64 0.2.0 3.00 51.00 54.00 NOTE
r-patched-linux-x86_64 0.2.0 1.68 34.89 36.57 NOTE
r-release-linux-x86_64 0.2.0 1.62 34.15 35.77 NOTE
r-release-macos-arm64 0.2.0 28.00 NOTE
r-release-windows-x86_64 0.2.0 5.00 51.00 56.00 NOTE
r-oldrel-macos-arm64 0.2.0 28.00 NOTE
r-oldrel-macos-x86_64 0.2.0 38.00 NOTE
r-oldrel-windows-x86_64 0.2.0 4.00 54.00 58.00 NOTE

Check Details

Version: 0.2.0
Check: LazyData
Result: NOTE 'LazyData' is specified without a 'data' directory Flavors: r-devel-linux-x86_64-debian-clang, r-devel-linux-x86_64-debian-gcc, r-devel-linux-x86_64-fedora-clang, r-devel-linux-x86_64-fedora-gcc, r-devel-windows-x86_64, r-patched-linux-x86_64, r-release-linux-x86_64, r-release-macos-arm64, r-release-windows-x86_64, r-oldrel-macos-arm64, r-oldrel-macos-x86_64, r-oldrel-windows-x86_64