Last updated on 2024-03-12 07:50:04 CET.
Flavor | Version | Tinstall | Tcheck | Ttotal | Status | Flags |
---|---|---|---|---|---|---|
r-devel-linux-x86_64-debian-clang | 4.7-1.1 | 8.29 | 40.80 | 49.09 | WARN | |
r-devel-linux-x86_64-debian-gcc | 4.7-1.1 | 7.06 | 31.48 | 38.54 | OK | |
r-devel-linux-x86_64-fedora-clang | 4.7-1.1 | 62.21 | OK | |||
r-devel-linux-x86_64-fedora-gcc | 4.7-1.1 | 59.17 | OK | |||
r-devel-windows-x86_64 | 4.7-1.1 | 11.00 | 59.00 | 70.00 | OK | |
r-patched-linux-x86_64 | 4.7-1.1 | 8.32 | 40.43 | 48.75 | OK | |
r-release-linux-x86_64 | 4.7-1.1 | 7.88 | 40.15 | 48.03 | OK | |
r-release-macos-arm64 | 4.7-1.1 | 26.00 | OK | |||
r-release-macos-x86_64 | 4.7-1.1 | 34.00 | OK | |||
r-release-windows-x86_64 | 4.7-1.1 | 14.00 | 59.00 | 73.00 | OK | |
r-oldrel-macos-arm64 | 4.7-1.1 | 24.00 | OK | |||
r-oldrel-windows-x86_64 | 4.7-1.1 | 13.00 | 101.00 | 114.00 | OK |
Version: 4.7-1.1
Check: whether package can be installed
Result: WARN
Found the following significant warnings:
flang-new: warning: argument unused during compilation: '-Wall' [-Wunused-command-line-argument]
See ‘/home/hornik/tmp/R.check/r-devel-clang/Work/PKGS/randomForest.Rcheck/00install.out’ for details.
* used C compiler: ‘Debian clang version 18.1.0 (rc4-1)’
* used Fortran compiler: ‘Debian flang-new version 18.1.0 (rc4-1)’
Flavor: r-devel-linux-x86_64-debian-clang