CRAN Package Check Results for Package randomizeR

Last updated on 2021-07-26 09:54:18 CEST.

Flavor Version Tinstall Tcheck Ttotal Status Flags
r-devel-linux-x86_64-debian-clang 2.0.0 26.20 204.60 230.80 NOTE
r-devel-linux-x86_64-debian-gcc 2.0.0 22.63 156.33 178.96 NOTE
r-devel-linux-x86_64-fedora-clang 2.0.0 283.64 NOTE
r-devel-linux-x86_64-fedora-gcc 2.0.0 279.94 NOTE
r-devel-windows-x86_64 2.0.0 38.00 215.00 253.00 NOTE
r-devel-windows-x86_64-gcc10-UCRT 2.0.0 NOTE
r-patched-linux-x86_64 2.0.0 24.73 199.51 224.24 NOTE
r-patched-solaris-x86 2.0.0 363.90 NOTE
r-release-linux-x86_64 2.0.0 22.34 194.70 217.04 NOTE
r-release-macos-arm64 2.0.0 NOTE
r-release-macos-x86_64 2.0.0 NOTE
r-release-windows-ix86+x86_64 2.0.0 45.00 152.00 197.00 NOTE
r-oldrel-macos-x86_64 2.0.0 OK
r-oldrel-windows-ix86+x86_64 2.0.0 36.00 207.00 243.00 OK

Check Details

Version: 2.0.0
Check: LazyData
Result: NOTE
     'LazyData' is specified without a 'data' directory
Flavors: r-devel-linux-x86_64-debian-clang, r-devel-linux-x86_64-debian-gcc, r-devel-linux-x86_64-fedora-clang, r-devel-linux-x86_64-fedora-gcc, r-devel-windows-x86_64, r-devel-windows-x86_64-gcc10-UCRT, r-patched-linux-x86_64, r-patched-solaris-x86, r-release-linux-x86_64, r-release-macos-arm64, r-release-macos-x86_64, r-release-windows-ix86+x86_64