CRAN Package Check Results for Package randomsearch

Last updated on 2021-05-12 08:49:02 CEST.

Flavor Version Tinstall Tcheck Ttotal Status Flags
r-devel-linux-x86_64-debian-clang 0.2.0 7.76 235.88 243.64 NOTE
r-devel-linux-x86_64-debian-gcc 0.2.0 5.80 172.75 178.55 NOTE
r-devel-linux-x86_64-fedora-clang 0.2.0 283.79 NOTE
r-devel-linux-x86_64-fedora-gcc 0.2.0 279.79 NOTE
r-devel-windows-ix86+x86_64 0.2.0 24.00 213.00 237.00 NOTE
r-devel-windows-x86_64-gcc10-UCRT 0.2.0 NOTE
r-patched-linux-x86_64 0.2.0 7.72 228.40 236.12 NOTE
r-patched-solaris-x86 0.2.0 381.90 ERROR
r-release-linux-x86_64 0.2.0 7.12 224.49 231.61 OK
r-release-macos-x86_64 0.2.0 OK
r-release-windows-ix86+x86_64 0.2.0 13.00 167.00 180.00 OK
r-oldrel-macos-x86_64 0.2.0 OK
r-oldrel-windows-ix86+x86_64 0.2.0 18.00 210.00 228.00 OK

Check Details

Version: 0.2.0
Check: LazyData
Result: NOTE
     'LazyData' is specified without a 'data' directory
Flavors: r-devel-linux-x86_64-debian-clang, r-devel-linux-x86_64-debian-gcc, r-devel-linux-x86_64-fedora-clang, r-devel-linux-x86_64-fedora-gcc, r-devel-windows-ix86+x86_64, r-devel-windows-x86_64-gcc10-UCRT, r-patched-linux-x86_64, r-patched-solaris-x86

Version: 0.2.0
Check: tests
Result: ERROR
     Running ‘testthat.R’ [242s/375s]
    Running the tests in ‘tests/testthat.R’ failed.
    Complete output:
     > library(testthat)
     > library(randomsearch)
     Loading required package: ParamHelpers
     Loading required package: smoof
     Loading required package: checkmate
     >
     > test_check("randomsearch")
     Error : [ENOENT] Failed to stat '/tmp/RtmpgEa4kT/working_dir/Rtmpv0aqzo/file1cca38287a50/1_107': no such file or directory
     ══ Failed tests ════════════════════════════════════════════════════════════════
     ── Error (test_randomsearch.R:83:5): parallel randomsearch works with parallelMap ──
     Error: Errors occurred in 1 slave jobs, displaying at most 10 of them:
    
     00002: Error : [ENOENT] Failed to stat '/tmp/RtmpgEa4kT/working_dir/Rtmpv0aqzo/file1cca38287a50/1_107': no such file or directory
    
    
     Backtrace:
     █
     1. ├─randomsearch::randomsearch(...) test_randomsearch.R:83:4
     2. └─randomsearch:::randomsearch.smoof_function(...)
     3. └─parallelMap::parallelMap(...)
     4. └─parallelMap:::checkResultsAndStopWithErrorsMessages(res)
     5. └─parallelMap:::stopWithJobErrorMessages(...)
     6. └─BBmisc::stopf(...)
    
     [ FAIL 1 | WARN 0 | SKIP 0 | PASS 69 ]
     Error: Test failures
     Execution halted
Flavor: r-patched-solaris-x86