Last updated on 2024-04-18 08:54:43 CEST.
Flavor | Version | Tinstall | Tcheck | Ttotal | Status | Flags |
---|---|---|---|---|---|---|
r-devel-linux-x86_64-debian-clang | 1.0.1 | 2.73 | 26.28 | 29.01 | NOTE | |
r-devel-linux-x86_64-debian-gcc | 1.0.1 | 2.02 | 20.08 | 22.10 | NOTE | |
r-devel-linux-x86_64-fedora-clang | 1.0.1 | 36.82 | NOTE | |||
r-devel-linux-x86_64-fedora-gcc | 1.0.1 | 34.79 | NOTE | |||
r-prerel-macos-arm64 | 1.0.1 | 15.00 | NOTE | |||
r-prerel-windows-x86_64 | 1.0.1 | 3.00 | 39.00 | 42.00 | NOTE | |
r-patched-linux-x86_64 | 1.0.1 | 3.44 | 25.78 | 29.22 | NOTE | |
r-release-linux-x86_64 | 1.0.1 | 2.68 | 25.98 | 28.66 | OK | |
r-release-macos-arm64 | 1.0.1 | 16.00 | OK | |||
r-release-macos-x86_64 | 1.0.1 | 21.00 | OK | |||
r-release-windows-x86_64 | 1.0.1 | 5.00 | 41.00 | 46.00 | OK | |
r-oldrel-macos-arm64 | 1.0.1 | 17.00 | OK | |||
r-oldrel-windows-x86_64 | 1.0.1 | 31.00 | 51.00 | 82.00 | OK |
Version: 1.0.1
Check: Rd metadata
Result: NOTE
Invalid package aliases in Rd file 'randtests-package.Rd':
‘randomtests-package’
Flavors: r-devel-linux-x86_64-debian-clang, r-devel-linux-x86_64-debian-gcc, r-devel-linux-x86_64-fedora-clang, r-devel-linux-x86_64-fedora-gcc, r-prerel-macos-arm64, r-prerel-windows-x86_64, r-patched-linux-x86_64